{"id":842,"date":"2016-03-07T12:25:26","date_gmt":"2016-03-07T12:25:26","guid":{"rendered":"http:\/\/poscardio.sites.uff.br\/?page_id=842"},"modified":"2016-03-07T12:39:49","modified_gmt":"2016-03-07T12:39:49","slug":"intercambio-institucional","status":"publish","type":"page","link":"http:\/\/poscardio.sites.uff.br\/?page_id=842","title":{"rendered":"Interc\u00e2mbio Institucional"},"content":{"rendered":"<p>As atividades de coopera\u00e7\u00e3o internacional t\u00eam sido intensamente buscadas visando desenvolver as atividades do PPGCCV no contexto mundial e a excel\u00eancia da nossa p\u00f3s-gradua\u00e7\u00e3o. Muitos docentes da UFF atuam em colabora\u00e7\u00e3o com grupos de institui\u00e7\u00f5es nacionais e internacionais, promovendo o avan\u00e7o das pesquisas e da forma\u00e7\u00e3o dos recursos humanos em todas as \u00e1reas do conhecimento social, cient\u00edfico e tecnol\u00f3gico. Esse movimento espont\u00e2neo de internacionaliza\u00e7\u00e3o individual e de grupos recebe apoio interno (Edital Fopesq\/UFF) e externo (CAPES, FAPERJ, CNPq) na forma de fomento \u00e0 participa\u00e7\u00e3o em eventos no exterior e organiza\u00e7\u00e3o de eventos com participa\u00e7\u00e3o de colaboradores estrangeiros.<\/p>\n<p>Nos \u00faltimos anos, al\u00e9m de apoiar o movimento espont\u00e2neo de colabora\u00e7\u00e3o internacional, a UFF tem adotado uma pol\u00edtica indutora de internacionaliza\u00e7\u00e3o institucional atrav\u00e9s de mais de duas centenas de acordos de coopera\u00e7\u00e3o e interc\u00e2mbio com institui\u00e7\u00f5es nacionais e internacionais de mais de 35 pa\u00edses\u00a0diferentes a fim de promover atividade de ensino, pesquisa e extens\u00e3o.<\/p>\n<p>A UFF possui um longo hist\u00f3rico de relacionamento com universidades alem\u00e3s. Inclusive \u00e9 uma das poucas institui\u00e7\u00f5es no pa\u00eds a estabelecerem conv\u00eanio bilateral de interc\u00e2mbio de alunos da gradua\u00e7\u00e3o. Foi neste ambiente de interc\u00e2mbio acad\u00eamico que se iniciou a colabora\u00e7\u00e3o com o Prof. Franz Porzsolt da Universidade de Ulm, estado de Baden-Wurtenberg. O Prof Porzsolt vem ao Brasil desde 2009 quando come\u00e7ou a ministrar os cursos de Medicina Baseada em Evid\u00eancias e Economia Cl\u00ednica, totalmente em L\u00edngua Inglesa, para os alunos da PGCCV.\u00a0 No ano seguinte, 2010, o Prof. Porzsolt ministrou palestra em nosso Programa ao vir participar do Workshop Evidence Based Clinical Practice, realizado em Angra dos Reis, estabelecendo contato novamente com o corpo discente e docente desta PG. Em 2011 o Prof. Porzsolt participou do Encontro UFF- INCOR al\u00e9m de continuar sua colabora\u00e7\u00e3o com professores da PG. Anualmente o prof. Porzsolt tem oferecido o curso de Medicina Baseada em Evid\u00eancias e neste ano de 2014 recebeu uma aluna de doutorado do nosso curso, Cristiane Moraes, na Universidade de Ulm para a extens\u00e3o de um trabalho realizado durante o curso. Desta coopera\u00e7\u00e3o internacional podemos citar ao menos 3 publica\u00e7\u00f5es resultantes, a saber:<\/p>\n<p>PORZSOLT, F ; THOMAZ, TG ; Constancio, TI ; SILVA-J\u00daNIOR, AG ; NOBREGA, AC . The risks of information in health care: do we need a new decision aid?. Clinics (USP. Impresso), v. 68, p. 1177-1179, 2013.<\/p>\n<p>Sailer M ; ENGELMANN, J. ; GREINERT, A. ; HIRSCH, J. ; KAPPENSCHNEIDER, J. ; KELLER, D. ; MENTZEL, M. ; RANDOLL, S. ; REDEKER, S. ; ROSCH, M. ; SWOBODA, S. ; TOPKA, C. ; WIEGERS, M. ; THOMAZ, TG ; CLOUTH, J. ; BIENERT, G. ; PORZSOLT, F. . Die Zusammenarbeit von \u00c4rzten mit der pharmazeutischen Industrie:Ergebnisse eines Seminars nicht nur f\u00fcr Medizinstudenten der Universit\u00e4t Ulm. RPG RECHT UND POLITIK IM GESUNDHEITSWESEN, v. 17, p. 15-20, 2011.<\/p>\n<p>Porzsolt, Franz ; Costa, Ian Curi Bonotto de Oliveira ; THOMAZ, TG . Advantages and limitations of Twin Assessment of Clinical Trials (TACT). Journal of Public Health (Weinheim), v. 17, p. 425-432, 2009.<\/p>\n<p>A professora Denise Mafra, docente permanente do PPGCCV \u00e9 Council Member of International Society of Renal Nutrition and Metabolism, al\u00e9m de Coordenadora no Brasil do Projeto Capes-Cofecub (Comit\u00e9 Fran\u00e7ais d \u00c9valuation de la Coop\u00e9ration Universitaire et Scientifique avec le Br\u00e9sil). Este programa tem como objetivo o interc\u00e2mbio cient\u00edfico entre institui\u00e7\u00f5es de ensino superior do Brasil e da Fran\u00e7a e a forma\u00e7\u00e3o de recursos humanos de alto n\u00edvel nos dois pa\u00edses. Atrav\u00e9s de coopera\u00e7\u00e3o internacional com o dr. Denis Fouque da Universidade de Lyon, podemos relacionar 4 publica\u00e7\u00f5es j\u00e1 em 2014:<\/p>\n<p>&nbsp;<\/p>\n<p>BESSA, B. ; LEAL, V. O. ; MORAES, C. ; BARBOZA, J. E. ; FOUQUE, D. ; MAFRA, D. . Resistance Training in Hemodialysis Patients: A Review. Rehabilitation Nursing, v. 39, p. n\/a-n\/a, 2014.<\/p>\n<p>STOCKLER-PINTO, M. B. ; FOUQUE, D. ; SOULAGE, C. ; CROUZE, M. ; MAFRA, D . Indoxyl Sulfate and p-Cresyl Sulfate in Chronic Kidney Disease. Could These Toxins Modulate the Antioxidant Nrf2-Keap1 Pathway?. Journal of Renal Nutrition (Print), v. 24, p. 1-5, 2014.<\/p>\n<p>BORGES, N. A. ; MORAES, C. ; BARROS, A. F. ; EDUARDO, J. C. C. ; FOUQUE, D. ; MAFRA, D. . Acyl-Ghrelin and Obestatin Plasma Levels in Different Stages of Chronic Kidney Disease. Journal of Renal Nutrition (Print), v. 24, p. 1-5, 2014.<\/p>\n<p>MAFRA, D ; LOBO, J. C. ; BARROS, A. F. ; KOPPE, L. ; VAZIRI, N. D. ; FOUQUE, D. . Role of altered intestinal microbiota in systemic inflammation and cardiovascular disease in chronic kidney disease. Future Microbiology (Print), v. 9, p. 399-410, 2014.<\/p>\n<p>Diversos docentes do PPGCCV realizaram parte de sua forma\u00e7\u00e3o no exterior, seja na forma de doutorado sandu\u00edche, seja como est\u00e1gio p\u00f3s-doutorado, em institui\u00e7\u00f5es como University of Texas Southwestern Medical Center at Dallas, University of Missouri-Columbia, Mayo Clinic, University of Utah e University of Birmingham. Atualmente temos estabelecidas as seguintes colabora\u00e7\u00f5es t\u00e9cnico-cient\u00edficas:<\/p>\n<p>University of Copenhagen, DK \u2013 Prof. Dr. Niels H. Secher<\/p>\n<p>University of Missouri-Columbia, EUA \u2013 Prof. Dr. Paul J. Fadel<\/p>\n<p>University of Birmingham, UK \u2013 Prof. Dr. James P. Fisher<\/p>\n<p>University of Texas Southwestern Medical Center at Dallas, EUA &#8211; Prof. Dr. Jere H. Mitchell<\/p>\n<p>Mayo Clinic Foundation, EUA &#8211; Dr. Michael Joyner<\/p>\n<p>Universit\u00e0 degli Studi di Milano, Italia &#8211; Dr. Alberto Porta<\/p>\n<p>Universit\u00e0 degli Studi di Brescia, Italia \u2013 Dr. Rafaelle Giubbini<\/p>\n<p>University of Utah, USA \u2013 Dr. Evan Dale Abel<\/p>\n<p>Duke University, USA \u2013 Dr. Salvador Borges Neto<\/p>\n<p>Brunel University London, UK \u2013 Professor Alison McConnell<\/p>\n<p>Universit\u00e0 degli Studi di Milano, Italia &#8211; Doutor Nicola Montano<\/p>\n<p>Universit\u00e4t Leipzig, Deutschland \u2013 Dr. Ulrich Hartmann<\/p>\n<p>Universit\u00e0 degli Studi di Roma &#8220;La Sapienza&#8221;, Italia &#8211; Dr. Salvatore Di Somma<\/p>\n<p>Progressivamente, as parcerias se ampliam e se fortalecem. Em 2013 recebemos o dr. James Fisher que n\u00e3o s\u00f3 participou da I Jornada Anual em Ci\u00eancias Cardiovasculares ministrando confer\u00eancias como de experimentos em projetos cient\u00edficos. Sob a tem\u00e1tica \u201cInternacionaliza\u00e7\u00e3o e Interc\u00e2mbios Institucionais\u201d a I Jornada Anual em Ci\u00eancias Cardiovasculares ocorreu de 16 a 18 de setembro de 2013, onde dr. James Fisher \u00a0e outros pesquisadores nacionais e estrangeiros, bem como alunos do Programa, relataram suas experi\u00eancias e apresentaram os caminhos (a serem) trilhados para a realiza\u00e7\u00e3o de projetos fora de suas institui\u00e7\u00f5es de origem, nacionais e principalmente internacionais. Quanto a participa\u00e7\u00e3o discente, contamos com o relato das alunas de doutorado Sabrina Bernardez e Nat\u00e1lia Galito sobre suas experi\u00eancias no INCOR (SP, Brasil) e Universidade do Colorado (EUA).<\/p>\n<p>No ano de 2014, em novembro, recebemos para a II Jornada Anual em Ci\u00eancias Cardiovasculares os drs. Rafaelle Giubbini e Salvador Borges Neto. Inclusive, foi\u00a0assinado na ocasi\u00e3o um ACORDO PARA COOPERA\u00c7\u00c3O INTERNACIONAL ENTRE UNIVERSIDADES, UFF e Universit\u00e0 degli Studi di Brescia, representados por seus Reitores, respectivamente os professores Roberto de Souza Salles e Sergio Pecorelli. Neste Acordo, a Universidade atua por meio de seu Departmento de Especialidade de Medicina e Cirurgia, Ci\u00eancia Radiol\u00f3gica e Sa\u00fade P\u00fablica.<\/p>\n<p>Desde 2015 temos ainda\u00a0a participa\u00e7\u00e3o do Prof. Dr. Niels H. Secher como Pesquisador Senior Especial no \u00e2mbito do Programa Ci\u00eancias Sem Fronteiras. Associadas as coopera\u00e7\u00f5es internacionais supracitadas, podemos citar pelo menos 2 publica\u00e7\u00f5es em 2014:<\/p>\n<p>PEIX, AMALIA ; Mesquita, Claudio Tinoco ; PAEZ, DIANA ; PEREIRA, CARLOS CUNHA ; Felix, Renata ; GUTIERREZ, CLAUDIA ; JAIMOVICH, RODRIGO ; IANNI, BARBARA MARIA ; SOARES, JOSE ; OLAYA, PASTOR ; RODRIGUEZ, MA. VICTORIA ; FLOTATS, ALBERT ; GIUBBINI, RAFFAELE ; TRAVIN, MARK ; GARCIA, ERNEST V. . Nuclear medicine in the management of patients with heart failure. Nuclear Medicine Communications, v. `, p. 1, 2014.<\/p>\n<p>RIEHLE, C. ; WENDE, A. R. ; ZHU, Y. ; Oliveira, K. J. ; PEREIRA, R. O. ; JAISHY, B. P. ; BEVINS, J. ; VALDEZ, S. ; NOH, J. ; KIM, B. J. ; MOREIRA, A. B. ; WEATHERFORD, E. T. ; MANIVEL, R. ; RAWLINGS, T. A. ; RECH, M. ; WHITE, M. F. ; ABEL, E. D. . Insulin Receptor Substrates (IRS) are Essential for the Bioenergetic and Hypertrophic Response of the Heart to Exercise Training. Molecular and Cellular Biology (Print), v. x, p. xx, 2014.<\/p>\n<p>Adicionalmente podemos citar a apresenta\u00e7\u00e3o de ao menos quatro trabalhos por discentes em eventos internacionais tendo pesquisadores estrangeiros como coautores:<\/p>\n<p>Vianna, L. C. ; Barbosa, T. C. ; Fernandes, I. A. ; MAGALHAES JR, N. ; CAVALCANTI, I. L. ; SECHER, N. H. ; Nobrega, A. C. L. . Group III\/IV muscle afferents are important for the pressor response to dynamic exercise in healthy humans. In: Experimental Biology 2014, 2014, San Diego. <a href=\"http:\/\/experimentalbiology.org\/2014\/Program-Information\/Society-Programs\/Posters-Wednesday.aspx\">http:\/\/experimentalbiology.org\/2014\/Program-Information\/Society-Programs&#8230;<\/a>, 2014.<\/p>\n<p>Prodel, E. ; Fernandes, I. A. ; Barbosa, T. C. ; Hawerroth, P. ; Nobrega, A. C. L. ; Vianna, L. C. . Progressive vasoconstrictory sympathetic outflow via muscle metaboreflex activation gradually increases human arterial stiffness. In: Experimental Biology 2014, 2014, San Diego.<a href=\"http:\/\/experimentalbiology.org\/2014\/Program-Information\/Society-Programs\/Posters-Wednesday.aspx\">http:\/\/experimentalbiology.org\/2014\/Program-Information\/Society-Programs&#8230;<\/a>, 2014.<\/p>\n<p>FISHER, J. P. ; Fernandes, I. A. ; Barbosa, T. C. ; COOTE, J. H. ; Nobrega, A. C. L. ; Vianna, L. C. . Interactive effects of trigeminal nerve stimulation and muscle metaboreflex activation on muscle sympathetic nerve activity in healthy humans. In: Experimental Biology 2014, 2014, San Diego.<a href=\"http:\/\/experimentalbiology.org\/2014\/Program-Information\/Society-Programs\/Posters-Wednesday.aspx\">http:\/\/experimentalbiology.org\/2014\/Program-Information\/Society-Programs&#8230;<\/a>, 2014.<\/p>\n<p>Vianna, L. C. ; Fernandes, I. A. ; Barbosa, T. C. ; AMARAL, T. G. ; Rocha, N. G. ; SECHER, N. H. ; Nobrega, A. C. L. . Blunted increases in vertebral blood flow during L-arginine infusion in patients with hypertension. In: Experimental Biology 2014, 2014, San Diego. <a href=\"http:\/\/experimentalbiology.org\/2014\/Program-Information\/Society-Programs\/Posters-Wednesday.aspx\">http:\/\/experimentalbiology.org\/2014\/Program-Information\/Society-Programs&#8230;<\/a>, 2014.<\/p>\n<p>\u00c9 importante citarmos ainda a participa\u00e7\u00e3o efetiva de alunos do PPGCCV em atividades de coopera\u00e7\u00e3o internacional. De 01 de setembro de 2013 a 31 de dezembro do mesmo ano, a ent\u00e3o doutoranda DAYSE MARY DA SILVA CORREIA (Processo BEX: 5933\/13-7) foi bolsista do Programa Institucional de Bolsas de Doutorado Sandu\u00edche no Exterior (PDSE) realizando parte de seu projeto de doutorado na York University no Canad\u00e1 com a profa. dra. Mina Singh (Faculty of Health &#8211; School of Nursing). A sua tese intitulada &#8220;Abordagem da insufici\u00eancia card\u00edaca na aten\u00e7\u00e3o prim\u00e1ria: o uso de diagn\u00f3stico de enfermagem priorit\u00e1rios como estrat\u00e9gia para o cuidado&#8221; foi defendida em 26 de agosto de 2014. Adicionalmente a ent\u00e3o doutoranda NAT\u00c1LIA GALITO ROCHA tamb\u00e9m teve oportunidade de realizar Doutorado Sandu\u00edche no Exterior (PDSE) na Universidade do Colorado (Boulder, Colorado, EUA) sob orienta\u00e7\u00e3o do professor Dr. Christopher A. De Souza. Deste interc\u00e2mbio foi gerada uma publica\u00e7\u00e3o: Rocha, N.G. ; TEMPLETON, D. L. ; GREINER, J. J. ; STAUFFER, B. L. ; DESOUZA, C. A. . Metabolic syndrome and endothelin-1 mediated vasoconstrictor tone in overweight\/obese adults.Metabolism, Clinical and Experimental (Print), p. 951-956, 2014.<\/p>\n<p>Adicionalmente, um material informativo em l\u00edngua inglesa foi preparado para divulga\u00e7\u00e3o do Programa em um grande evento internacional denominado Bioconvention (<a href=\"http:\/\/convention.bio.org\/\">http:\/\/convention.bio.org\/<\/a>) ocorrido em Boston &#8211; EUA em 2013, visando divulgar o programa e estabelecer intera\u00e7\u00f5es\/colabora\u00e7\u00f5es\/parcerias em n\u00edvel mundial, dando maior visibilidade ao nosso trabalho nesta institui\u00e7\u00e3o e as nossas compet\u00eancias que possam ser de interesse de outrem, ampliando ainda a ida de alunos e professores para o exterior e o desenvolvimento de projetos em parceria com pesquisadores com reconhecida experi\u00eancia cient\u00edfica em institui\u00e7\u00f5es de alto n\u00edvel.<\/p>\n","protected":false},"excerpt":{"rendered":"<p>As atividades de coopera\u00e7\u00e3o internacional t\u00eam sido intensamente buscadas visando desenvolver as atividades do PPGCCV no contexto mundial e a excel\u00eancia da nossa p\u00f3s-gradua\u00e7\u00e3o. Muitos docentes da UFF atuam em colabora\u00e7\u00e3o com grupos de institui\u00e7\u00f5es nacionais e internacionais, promovendo o avan\u00e7o das pesquisas e da forma\u00e7\u00e3o dos recursos humanos em todas as \u00e1reas do conhecimento [&hellip;]<\/p>\n","protected":false},"author":3,"featured_media":0,"parent":0,"menu_order":0,"comment_status":"closed","ping_status":"closed","template":"","meta":{"_exactmetrics_skip_tracking":false,"_exactmetrics_sitenote_active":false,"_exactmetrics_sitenote_note":"","_exactmetrics_sitenote_category":0,"footnotes":""},"categories":[],"tags":[],"class_list":["post-842","page","type-page","status-publish","hentry"],"_links":{"self":[{"href":"http:\/\/poscardio.sites.uff.br\/index.php?rest_route=\/wp\/v2\/pages\/842","targetHints":{"allow":["GET"]}}],"collection":[{"href":"http:\/\/poscardio.sites.uff.br\/index.php?rest_route=\/wp\/v2\/pages"}],"about":[{"href":"http:\/\/poscardio.sites.uff.br\/index.php?rest_route=\/wp\/v2\/types\/page"}],"author":[{"embeddable":true,"href":"http:\/\/poscardio.sites.uff.br\/index.php?rest_route=\/wp\/v2\/users\/3"}],"replies":[{"embeddable":true,"href":"http:\/\/poscardio.sites.uff.br\/index.php?rest_route=%2Fwp%2Fv2%2Fcomments&post=842"}],"version-history":[{"count":3,"href":"http:\/\/poscardio.sites.uff.br\/index.php?rest_route=\/wp\/v2\/pages\/842\/revisions"}],"predecessor-version":[{"id":846,"href":"http:\/\/poscardio.sites.uff.br\/index.php?rest_route=\/wp\/v2\/pages\/842\/revisions\/846"}],"wp:attachment":[{"href":"http:\/\/poscardio.sites.uff.br\/index.php?rest_route=%2Fwp%2Fv2%2Fmedia&parent=842"}],"wp:term":[{"taxonomy":"category","embeddable":true,"href":"http:\/\/poscardio.sites.uff.br\/index.php?rest_route=%2Fwp%2Fv2%2Fcategories&post=842"},{"taxonomy":"post_tag","embeddable":true,"href":"http:\/\/poscardio.sites.uff.br\/index.php?rest_route=%2Fwp%2Fv2%2Ftags&post=842"}],"curies":[{"name":"wp","href":"https:\/\/api.w.org\/{rel}","templated":true}]}}