{"id":770,"date":"2016-03-04T13:25:35","date_gmt":"2016-03-04T13:25:35","guid":{"rendered":"http:\/\/poscardio.sites.uff.br\/?page_id=770"},"modified":"2017-04-26T15:06:38","modified_gmt":"2017-04-26T15:06:38","slug":"historico","status":"publish","type":"page","link":"http:\/\/poscardio.sites.uff.br\/?page_id=770","title":{"rendered":"Hist\u00f3rico"},"content":{"rendered":"<h1><\/h1>\n<p>A P\u00f3s-Gradua\u00e7\u00e3o em Ci\u00eancias Cardiovasculares foi criada em 1985, como Mestrado em Cardiologia da Universidade Federal Fluminense. Desde essa \u00e9poca possu\u00eda um perfil de forma\u00e7\u00e3o qualificada do Cardiologista para a assist\u00eancia, doc\u00eancia e pesquisa aplicada \u00e0s doen\u00e7as cardiovasculares. A partir de 1998, em consequ\u00eancia das mudan\u00e7as da sistem\u00e1tica da CAPES, recebemos o conceito 3 e fomos progressivamente adequando o Programa \u00e0 nova realidade da P\u00f3s-Gradua\u00e7\u00e3o, com redimensionamento do corpo docente (manuten\u00e7\u00e3o apenas dos Doutores), reestrutura\u00e7\u00e3o das disciplinas (redu\u00e7\u00e3o do perfil profissional e valoriza\u00e7\u00e3o da investiga\u00e7\u00e3o de mecanismos) e est\u00edmulo \u00e0 publica\u00e7\u00e3o de artigos originais em peri\u00f3dicos de impacto internacional. Embora tenhamos percebido um crescimento modesto, por\u00e9m continuado, do Programa no tocante \u00e0 quantidade e qualidade das disserta\u00e7\u00f5es e publica\u00e7\u00f5es, identificamos duas principais dificuldades a serem vencidas: o reduzido n\u00famero de Doutores com produ\u00e7\u00e3o continuada e a relativa limita\u00e7\u00e3o do perfil dos projetos de pesquisa. Estabelecemos ent\u00e3o, um planejamento estrat\u00e9gico para a implementa\u00e7\u00e3o das medidas necess\u00e1rias ao vencimento das dificuldades. Felizmente tais medidas foram bem sucedidas, visto que o conceito do Programa foi elevado para 4 em 2008, o que permitiu a cria\u00e7\u00e3o do Doutorado. Nesse contexto o objetivo atual do Programa tem sido a consolida\u00e7\u00e3o do doutorado a caminho da eleva\u00e7\u00e3o do conceito para 5, atrav\u00e9s da valoriza\u00e7\u00e3o da produ\u00e7\u00e3o cient\u00edfica de alto n\u00edvel, forma\u00e7\u00e3o de redes colaborativas de pesquisa interdisciplinar e amplia\u00e7\u00e3o das parcerias interinstitucionais nacionais e internacionais<\/p>\n<p>&nbsp;<\/p>\n<p><strong>2004 \u2013 2006.<\/strong> \u00a0Ao longo de 2004 procedemos \u00e0 reestrutura\u00e7\u00e3o, ainda mais ampla do Programa, com a inclus\u00e3o de novos doutores (inclusive um bolsista de fixa\u00e7\u00e3o de doutor da FAPERJ com atividade em nossa Institui\u00e7\u00e3o), redimensionamento das linhas e projetos de pesquisa e forte direcionamento \u00e0 publica\u00e7\u00e3o de artigos originais em peri\u00f3dicos de impacto internacional. Tais medidas produziram resultados concretos, mas estamos convictos de que o impacto positivo ser\u00e1 mais evidente ao final do 2010-2012.<\/p>\n<p>Durante o ano de 2005 consolidamos a nova estrutura multiprofissional e avan\u00e7amos na organiza\u00e7\u00e3o de projetos tem\u00e1ticos que promovessem atividades integradas dos grupos de pesquisa envolvidos com a nossa P\u00f3s-Gradua\u00e7\u00e3o. Alguns resultados concretos na forma de artigos originais de maior impacto em peri\u00f3dicos internacionais j\u00e1 apareceram em 2005. O fortalecimento dos projetos tem\u00e1ticos integrados e a moderniza\u00e7\u00e3o da infra-estrutura de equipamentos atrav\u00e9s de verba institucional da FINEP traduziu-se no significativo aumento da produ\u00e7\u00e3o cient\u00edfica nas suas v\u00e1rias formas, particularmente como publica\u00e7\u00e3o internacional no relat\u00f3rio de 2006.<\/p>\n<p>Completamos o tri\u00eanio atingindo nossas principais metas, as quais foram estabelecidas pela auto-avalia\u00e7\u00e3o e pelos coment\u00e1rios e sugest\u00f5es do comit\u00ea da CAPES, contidos nas fichas de avalia\u00e7\u00e3o, a saber: 1) estimular a produ\u00e7\u00e3o cient\u00edfica internacional, 2) ajustar e ampliar corpo docente com foco nos mais produtivos, 3) buscar equilibrar entre os docentes a produ\u00e7\u00e3o intelectual e as atividades desenvolvidas no Programa, 4) buscar financiamento para os projetos; Todos esses itens foram diretamente atendidos. Como resultado, experimentamos um crescimento qualificado do corpo de docentes permanentes, de forma que em 2006 contamos com 13 docentes permanentes (em contraste com 10 docentes em 2004 e 11 permanentes em 2005). Simultaneamente aumentou o \u00edndice de publica\u00e7\u00f5es classificadas como maiores que Qualis Nacional C (conforme crit\u00e9rio de excel\u00eancia CAPES). Chama aten\u00e7\u00e3o o grande crescimento da publica\u00e7\u00e3o de artigos em peri\u00f3dicos Internacional A, de um total de apenas 8 no tri\u00eanio passado para 6 seis em 2004, 10 em 2005 e 10 em 2006, totalizando 26 no tri\u00eanio, ou seja, um aumento de mais de 3 vezes! Chama a aten\u00e7\u00e3o ainda o fato de que 100% dos 13 docentes permanentes publicaram no ano de 2006 ao menos 1 artigo Internacional C ou superior. Outra forma de verificar o aumento qualitativo da produ\u00e7\u00e3o do curso \u00e9 identificar a propor\u00e7\u00e3o de docentes permanentes que publicaram em peri\u00f3dicos IA: 2004 (20%), 2005 (36%) e 2006 (46%), ou seja, um aumento de mais de 100% ao longo do tri\u00eanio na propor\u00e7\u00e3o de docentes permanentes que publicam a cada ano em peri\u00f3dicos de m\u00e1ximo impacto internacional.<\/p>\n<p>&nbsp;<\/p>\n<p><strong>2007 \u2013 2009.<\/strong> Ao longo de 2007, procuramos ampliar o perfil do corpo docente, fomentando a estrutura de novos laborat\u00f3rios visando consolidar o Programa com o seguinte lema: \u201cPesquisando o funcionamento e as doen\u00e7as do sistema cardiovascular: da mol\u00e9cula \u00e0 popula\u00e7\u00e3o\u201d. Ao longo de 2008 ocorreu a eleva\u00e7\u00e3o do conceito, aprova\u00e7\u00e3o do doutorado e fortalecimento do grupo de jovens pesquisadores ligados aos Programas que tem se organizado e constru\u00eddo uma infra-estrutura s\u00f3lida para pesquisa em fisiologia e farmacologia experimental com apoio principalmente do CNPq e da FAPERJ, sendo que a FAPERJ financiou o projeto tem\u00e1tico \u201cInflama\u00e7\u00e3o e Sistema Cardiovascular\u201d com o aporte de R$398.000,00 em equipamentos e insumos. Em 2009 as modifica\u00e7\u00f5es implementadas nas fases anteriores passaram a ter resultados com a entrada de 6 alunos de doutorado e o n\u00famero recorde de alunos titulados em um \u00fanico ano (15 alunos), 3 livros publicados em colabora\u00e7\u00e3o entre docentes e discentes, sendo que uma das teses foi laureada com premia\u00e7\u00e3o julgada por membros da Academia Nacional de Medicina (O pr\u00eamio Amil foi concedido na especialidade de Medicina Interna para Antonio Jos\u00e9 Lagoeiro Jorge, aluno de mestrado, com o estudo Avalia\u00e7\u00e3o da Fun\u00e7\u00e3o Sist\u00f3lica no Eixo Longitudinal do Ventr\u00edculo Esquerdo em Pacientes com Diagn\u00f3stico de Insufici\u00eancia Card\u00edaca com Fra\u00e7\u00e3o de Eje\u00e7\u00e3o Normal de Acordo com os Novos Crit\u00e9rios de Diastologia). Dois docentes do curso foram contemplados como Jovens Cientistas do Estado de Rio de Janeiro e o professor Antonio Cl\u00e1udio Lucas da N\u00f3brega, pesquisador 1B do CNPq, renovou a sua condi\u00e7\u00e3o de Cientista do Estado do Rio de Janeiro pela FAPERJ. Docentes do curso foram contemplados com editais como CNPq universal, fortalecendo a voca\u00e7\u00e3o de produ\u00e7\u00e3o cient\u00edfica institucional e garantindo sustentabilidade dos projetos de pesquisa.<\/p>\n<p>&nbsp;<\/p>\n<p><strong>2010 \u2013 2012<\/strong>. Com o credenciamento de novos professores e o aumento do n\u00famero de alunos de mestrado e doutorado, provenientes de processos seletivos cada vez mais qualificados, as atividades desenvolvidas em 2010 e 2011 favoreceram uma intera\u00e7\u00e3o dos projetos da \u00e1rea cl\u00ednica e b\u00e1sica, dentro do pr\u00f3prio Programa. Os projetos tamb\u00e9m passaram a contar com orientadores e co-orientadores de ambas as \u00e1reas, conferindo um car\u00e1ter mais translacional aos projetos desenvolvidos.<\/p>\n<p>Al\u00e9m das modifica\u00e7\u00f5es implementadas nas fases anteriores, o crescimento cont\u00ednuo do Programa exigiu uma adequa\u00e7\u00e3o administrativa e burocr\u00e1tica, visando a um melhor acompanhamento do corpo discente durante os cursos de mestrado e doutorado. Os projetos de todos os alunos passaram a ser acompanhados mais de perto, com apresenta\u00e7\u00e3o peri\u00f3dica e discuss\u00e3o dos resultados com a participa\u00e7\u00e3o conjunta dos alunos e professores, al\u00e9m da apresenta\u00e7\u00e3o de relat\u00f3rios peri\u00f3dicos semestrais. Os docentes mostraram uma maior participa\u00e7\u00e3o e comprometimento quanto \u00e0 regularidade, qualidade e n\u00famero de disciplinas oferecidas no Programa, disciplinas estas que t\u00eam sido avaliadas pelos alunos e pela coordena\u00e7\u00e3o, priorizando a qualidade do curso, dos docentes e dos recursos humanos formados, vislumbrando uma melhor da qualidade e quantidade da produ\u00e7\u00e3o intelectual, recomendada pela CAPES.<\/p>\n<p>&nbsp;<\/p>\n<p><strong>2013 &#8211; 2015.<\/strong> Em 2013 o PPGCCV come\u00e7ou a realizar a Jornada Anual em Ci\u00eancias Cardiovasculares englobando apresenta\u00e7\u00e3o de trabalhos de alunos e participantes externos, cursos e confer\u00eancias com pesquisadores nacionais e internacionais. Para a realiza\u00e7\u00e3o deste evento anual o PPGCCV contou com apoio financeiro da Proppi (Programa de Internacionaliza\u00e7\u00e3o da P\u00f3s-Gradua\u00e7\u00e3o Stricto Sensu \u0096 PIPG \u0096 edi\u00e7\u00e3o 2013). Durante a I Jornada Anual em Ci\u00eancias Cardiovasculares, realizada de 16 a 18 de setembro no Hospital Universit\u00e1rio Ant\u00f4nio Pedro, a discuss\u00e3o central foi sobre Internacionaliza\u00e7\u00e3o e interc\u00e2mbios institucionais. Neste evento contamos com a participa\u00e7\u00e3o dos pesquisadores internacionais James P. Fisher, da Universidade de Birmingham, e Shekhar H. Deo da Universidade do Missouri.<\/p>\n<p>J\u00e1 a II Jornada Anual em Ci\u00eancias Cardiovasculares foi realizada na Associa\u00e7\u00e3o M\u00e9dica Fluminense nos dias 04, 05 e 06 de novembro de 2014 e teve como tema a Preven\u00e7\u00e3o de Doen\u00e7as Cardiovasculares. Neste evento contamos com a participa\u00e7\u00e3o dos professores Rita Estrela (Universidade Federal do Rio de Janeiro), doutor Eduardo Nagib Nagib e do professor Rafaelle Giubbini (Universidade da Brescia). Al\u00e9m de palestras, o prof. Rafaelle Giubbini ministrou aulas em cursos oferecidos durante o evento e sua presen\u00e7a permitiu a formaliza\u00e7\u00e3o do conv\u00eanio de cooperatividade internacional entre as Universidades.<\/p>\n<p>A III Jornada Anual em Ci\u00eancias Cardiovasculares aconteceu nos dias 12 e 13 de novembro de 2015, no Instituto Biom\u00e9dico da UFF, e contou com presen\u00e7as ilustres como o PROF. REX NAZARE ALVES \u2013 Diretor de Projetos Estrat\u00e9gicos Nacionais\/FINEP, o PROF. ANT\u00d4NIO CL\u00c1UDIO L. N\u00d3BREGA \u2013 VICE-REITOR DA UFF e THIAGO RENAULT \u2013 DIRETOR DA AG\u00caNCIA DE INOVA\u00c7\u00c3O DA UFF.\u00a0A uni\u00e3o de empreendedorismo, tecnologia e sa\u00fade foi\u00a0o foco dessa edi\u00e7\u00e3o. O\u00a0evento intitulado NOVAS TECNOLOGIAS EM SA\u00daDE\u00a0objetivou integrar a comunidade acad\u00eamica com profissionais especializados em inova\u00e7\u00e3o por meio de confer\u00eancias, apresenta\u00e7\u00e3o de cases e networking. Tendo em vista que \u00e9 importante \u00a0e estrat\u00e9gico empreender na \u00e1rea de sa\u00fade, visamos criar um ambiente para a troca de experi\u00eancias e discutir as perspectivas de mercado.<\/p>\n<p>&nbsp;<\/p>\n<p><strong>2016.\u00a0<\/strong><\/p>\n<div>Em 2016, a IV Jornada Anual em Ci\u00eancias Cardiovasculares\u00a0foi realizada em conjunto com o I SIMP\u00d3SIO INTERNACIONAL DE EXERC\u00cdCIO E (IN)ATIVIDADE F\u00cdSICA que ocorreu no campus Gragoat\u00e1 no N\u00fa<span class=\"text_exposed_show\">cleo de Estudos em Biomassa e Gerenciamento de \u00c1guas (NAB), nos dias 02 e 03 de dezembro.\u00a0<\/span>O evento contou com v\u00e1rios pesquisadores de renome, al\u00e9m de apresenta\u00e7\u00e3o de trabalhos cient\u00edficos sob a forma de p\u00f4ster e apresenta\u00e7\u00f5es orais.<\/div>\n<p>Destacamos ainda que diversos p\u00f3s-doutores tem sido agregados ao programa desde 2013: Lauro Casqueiro Viana, Igor Fernandes, Natalia Galito Rocha, Renata Frauches, Ludmila Cardozo, Milena Barcza, Alessandra Choqueta, Eliete Frantz. Atualmente as p\u00f3s-doutoras Natalia Galito Rocha, Renata Frauches e Milena Barcza s\u00e3o professoras concursadas desta Universidade. A profa Natalia Galito fez parte da sua forma\u00e7\u00e3o na Universidade do Colorado e Igor Alexandre Fernandes fez doutorado sandu\u00edche na Universidade de Alberta. O p\u00f3s-doutor Lauro Vianna, que fez parte da sua forma\u00e7\u00e3o na Universidade de Birmingham e na Universidade de Missouri, \u00e9 hoje professor concursado da Universidade de Bras\u00edlia e por isso migrou para quadro de docente colaborador deste Programa.<\/p>\n<p>Como podemos observar, um dos pontos fortes do nosso programa \u00e9 a forma\u00e7\u00e3o docente no exterior. Al\u00e9m dos casos supracitados, podemos ainda relacionar a forma\u00e7\u00e3o do professor Antonio Claudio Lucas da N\u00f3brega, que fez doutorado sandu\u00edche na Universidade do Texas \u0096 Southwestern Medical Center em Dallas, EUA; professora Denise Mafra que fez p\u00f3s-doutorado na Universite Claude Bernard em Lyon na Fran\u00e7a; professor Marcelo Souto Nacif que fez seu p\u00f3s-doutorado no National Institute of Health em Bethesda, EUA e Alessandra Choqueta, que realizou est\u00e1gio cient\u00edfico em Respiratory Rehabilitation na KU Leuven, B\u00e9lgica.<\/p>\n<p>Al\u00e9m disso, novos fomentos foram obtidos e consolidados pelo conjunto de docentes permanentes na p\u00f3s-gradua\u00e7\u00e3o, o que demonstra a capacidade do corpo docente de atrair recursos para pesquisa.<\/p>\n<p>Observando tamb\u00e9m as recomenda\u00e7\u00f5es do relat\u00f3rio da comiss\u00e3o avaliadora da CAPES, com o apoio da Pr\u00f3-reitoria de Pesquisa e Inova\u00e7\u00e3o da UFF, o programa, tem adotado pol\u00edticas de incentivo aos pesquisadores, para aumentar o n\u00famero de alunos e pedidos de bolsa dos Programas PIBIC (Programa Institucional de Bolsas de inicia\u00e7\u00e3o cient\u00edfica (PIBIC), PIBITI (Programa Institucional de Bolsas de Inicia\u00e7\u00e3o em Desenvolvimento Tecnol\u00f3gico e Inova\u00e7\u00e3o) e PIBInova (Programa Institucional de Bolsas de inova\u00e7\u00e3o), alertando os pesquisadores para os prazos a serem cumpridos neste sentido. O n\u00famero de bolsista de IC com bolsa tem crescido e as estat\u00edsticas de orienta\u00e7\u00f5es conclu\u00eddas, bem como a inser\u00e7\u00e3o dos alunos na produ\u00e7\u00e3o cient\u00edfica.<\/p>\n<p>O PPGCCV ainda possui um perfil \u00fanico em todo o Estado do Rio de Janeiro, pois re\u00fane pesquisadores interessados em conhecer o sistema cardiovascular desde seus aspectos fundamentais at\u00e9 o dom\u00ednio populacional, passando pela fisiologia, fisiopatologia, farmacologia b\u00e1sica e cl\u00ednica aplicada. Esta caracter\u00edstica distingue este Programa de um simples sistema que re\u00fane pesquisadores e seus grupos, criando condi\u00e7\u00f5es para a constru\u00e7\u00e3o de projetos tem\u00e1ticos transdisciplinares com intera\u00e7\u00f5es que enriquecem e sofisticam as perguntas a serem respondidas, permitindo estudar o sistema cardiovascular da mol\u00e9cula \u00e0 popula\u00e7\u00e3o. Esta caracter\u00edstica foi um dos elementos mais importantes para a reorganiza\u00e7\u00e3o do PGCCV, permitindo o reconhecimento pela CAPES que elevou o conceito na avalia\u00e7\u00e3o de 3 para 4 e a aprova\u00e7\u00e3o do curso de doutorado.<\/p>\n","protected":false},"excerpt":{"rendered":"<p>A P\u00f3s-Gradua\u00e7\u00e3o em Ci\u00eancias Cardiovasculares foi criada em 1985, como Mestrado em Cardiologia da Universidade Federal Fluminense. Desde essa \u00e9poca possu\u00eda um perfil de forma\u00e7\u00e3o qualificada do Cardiologista para a assist\u00eancia, doc\u00eancia e pesquisa aplicada \u00e0s doen\u00e7as cardiovasculares. A partir de 1998, em consequ\u00eancia das mudan\u00e7as da sistem\u00e1tica da CAPES, recebemos o conceito 3 e [&hellip;]<\/p>\n","protected":false},"author":3,"featured_media":0,"parent":0,"menu_order":0,"comment_status":"closed","ping_status":"closed","template":"","meta":{"_exactmetrics_skip_tracking":false,"_exactmetrics_sitenote_active":false,"_exactmetrics_sitenote_note":"","_exactmetrics_sitenote_category":0,"footnotes":""},"categories":[],"tags":[],"class_list":["post-770","page","type-page","status-publish","hentry"],"_links":{"self":[{"href":"http:\/\/poscardio.sites.uff.br\/index.php?rest_route=\/wp\/v2\/pages\/770","targetHints":{"allow":["GET"]}}],"collection":[{"href":"http:\/\/poscardio.sites.uff.br\/index.php?rest_route=\/wp\/v2\/pages"}],"about":[{"href":"http:\/\/poscardio.sites.uff.br\/index.php?rest_route=\/wp\/v2\/types\/page"}],"author":[{"embeddable":true,"href":"http:\/\/poscardio.sites.uff.br\/index.php?rest_route=\/wp\/v2\/users\/3"}],"replies":[{"embeddable":true,"href":"http:\/\/poscardio.sites.uff.br\/index.php?rest_route=%2Fwp%2Fv2%2Fcomments&post=770"}],"version-history":[{"count":5,"href":"http:\/\/poscardio.sites.uff.br\/index.php?rest_route=\/wp\/v2\/pages\/770\/revisions"}],"predecessor-version":[{"id":1809,"href":"http:\/\/poscardio.sites.uff.br\/index.php?rest_route=\/wp\/v2\/pages\/770\/revisions\/1809"}],"wp:attachment":[{"href":"http:\/\/poscardio.sites.uff.br\/index.php?rest_route=%2Fwp%2Fv2%2Fmedia&parent=770"}],"wp:term":[{"taxonomy":"category","embeddable":true,"href":"http:\/\/poscardio.sites.uff.br\/index.php?rest_route=%2Fwp%2Fv2%2Fcategories&post=770"},{"taxonomy":"post_tag","embeddable":true,"href":"http:\/\/poscardio.sites.uff.br\/index.php?rest_route=%2Fwp%2Fv2%2Ftags&post=770"}],"curies":[{"name":"wp","href":"https:\/\/api.w.org\/{rel}","templated":true}]}}