{"id":7484,"date":"2025-07-04T16:45:09","date_gmt":"2025-07-04T16:45:09","guid":{"rendered":"http:\/\/poscardio.sites.uff.br\/?page_id=7484"},"modified":"2025-07-04T16:45:09","modified_gmt":"2025-07-04T16:45:09","slug":"teses-e-dissertacoes","status":"publish","type":"page","link":"http:\/\/poscardio.sites.uff.br\/?page_id=7484","title":{"rendered":"Teses e Disserta\u00e7\u00f5es"},"content":{"rendered":"\n<p>\ud83d\udcd8 <strong>Teses e Disserta\u00e7\u00f5es<\/strong><\/p>\n\n\n\n<p>As disserta\u00e7\u00f5es e teses defendidas no \u00e2mbito do Programa de P\u00f3s-Gradua\u00e7\u00e3o em Ci\u00eancias Cardiovasculares (PPGCCV\/UFF) est\u00e3o dispon\u00edveis para consulta p\u00fablica no Reposit\u00f3rio Institucional da UFF (RIUFF). O acervo pode ser acessado diretamente pela cole\u00e7\u00e3o do programa, no link:<br>\ud83d\udc49 <a class=\"\" href=\"https:\/\/app.uff.br\/riuff\/handle\/1\/13985\">https:\/\/app.uff.br\/riuff\/handle\/1\/13985<\/a><\/p>\n","protected":false},"excerpt":{"rendered":"<p>\ud83d\udcd8 Teses e Disserta\u00e7\u00f5es As disserta\u00e7\u00f5es e teses defendidas no \u00e2mbito do Programa de P\u00f3s-Gradua\u00e7\u00e3o em Ci\u00eancias Cardiovasculares (PPGCCV\/UFF) est\u00e3o dispon\u00edveis para consulta p\u00fablica no Reposit\u00f3rio Institucional da UFF (RIUFF). O acervo pode ser acessado diretamente pela cole\u00e7\u00e3o do programa, no link:\ud83d\udc49 https:\/\/app.uff.br\/riuff\/handle\/1\/13985<\/p>\n","protected":false},"author":3,"featured_media":0,"parent":0,"menu_order":0,"comment_status":"closed","ping_status":"closed","template":"","meta":{"_exactmetrics_skip_tracking":false,"_exactmetrics_sitenote_active":false,"_exactmetrics_sitenote_note":"","_exactmetrics_sitenote_category":0,"footnotes":""},"categories":[],"tags":[],"class_list":["post-7484","page","type-page","status-publish","hentry"],"_links":{"self":[{"href":"http:\/\/poscardio.sites.uff.br\/index.php?rest_route=\/wp\/v2\/pages\/7484","targetHints":{"allow":["GET"]}}],"collection":[{"href":"http:\/\/poscardio.sites.uff.br\/index.php?rest_route=\/wp\/v2\/pages"}],"about":[{"href":"http:\/\/poscardio.sites.uff.br\/index.php?rest_route=\/wp\/v2\/types\/page"}],"author":[{"embeddable":true,"href":"http:\/\/poscardio.sites.uff.br\/index.php?rest_route=\/wp\/v2\/users\/3"}],"replies":[{"embeddable":true,"href":"http:\/\/poscardio.sites.uff.br\/index.php?rest_route=%2Fwp%2Fv2%2Fcomments&post=7484"}],"version-history":[{"count":1,"href":"http:\/\/poscardio.sites.uff.br\/index.php?rest_route=\/wp\/v2\/pages\/7484\/revisions"}],"predecessor-version":[{"id":7486,"href":"http:\/\/poscardio.sites.uff.br\/index.php?rest_route=\/wp\/v2\/pages\/7484\/revisions\/7486"}],"wp:attachment":[{"href":"http:\/\/poscardio.sites.uff.br\/index.php?rest_route=%2Fwp%2Fv2%2Fmedia&parent=7484"}],"wp:term":[{"taxonomy":"category","embeddable":true,"href":"http:\/\/poscardio.sites.uff.br\/index.php?rest_route=%2Fwp%2Fv2%2Fcategories&post=7484"},{"taxonomy":"post_tag","embeddable":true,"href":"http:\/\/poscardio.sites.uff.br\/index.php?rest_route=%2Fwp%2Fv2%2Ftags&post=7484"}],"curies":[{"name":"wp","href":"https:\/\/api.w.org\/{rel}","templated":true}]}}