{"id":7401,"date":"2025-06-26T18:08:42","date_gmt":"2025-06-26T18:08:42","guid":{"rendered":"http:\/\/poscardio.sites.uff.br\/?page_id=7401"},"modified":"2025-06-26T18:22:30","modified_gmt":"2025-06-26T18:22:30","slug":"areas-de-concentracao-e-linhas-de-pesquisa","status":"publish","type":"page","link":"http:\/\/poscardio.sites.uff.br\/?page_id=7401","title":{"rendered":"\u00c1reas de Concentra\u00e7\u00e3o e Linhas de Pesquisa"},"content":{"rendered":"\n<p>O Programa de P\u00f3s-Gradua\u00e7\u00e3o em Ci\u00eancias Cardiovasculares (PPGCCV\/UFF) \u00e9 estruturado em tr\u00eas principais \u00e1reas de concentra\u00e7\u00e3o, que atuam de forma integrada e refletem a natureza interdisciplinar e translacional do programa:<\/p>\n\n\n\n<h3 class=\"wp-block-heading\">\ud83e\udec0 <strong>Cardiologia<\/strong><\/h3>\n\n\n\n<p>Foco na pesquisa cl\u00ednica, diagn\u00f3stico, tratamento e preven\u00e7\u00e3o das doen\u00e7as cardiovasculares.<\/p>\n\n\n\n<h3 class=\"wp-block-heading\">\ud83d\udd2c <strong>Ci\u00eancias Biom\u00e9dicas<\/strong><\/h3>\n\n\n\n<p>Envolve a investiga\u00e7\u00e3o b\u00e1sica dos mecanismos moleculares, fisiol\u00f3gicos e farmacol\u00f3gicos que regulam o sistema cardiovascular.<\/p>\n\n\n\n<h3 class=\"wp-block-heading\">\ud83e\udde0 <strong>Sa\u00fade Mental nas Doen\u00e7as Cardiovasculares<\/strong><\/h3>\n\n\n\n<p>\u00c1rea inovadora que busca compreender as intera\u00e7\u00f5es entre fatores psicol\u00f3gicos, psiqui\u00e1tricos e doen\u00e7as cardiovasculares.<\/p>\n\n\n\n<hr class=\"wp-block-separator\" \/>\n\n\n\n<p>Essas \u00e1reas de concentra\u00e7\u00e3o se desdobram em <strong>dezesseis grandes linhas de pesquisa<\/strong>, que orientam os projetos desenvolvidos por docentes e discentes do programa:<\/p>\n\n\n\n<ul class=\"wp-block-list\"><li>Biologia Molecular e Farmacogen\u00e9tica do Sistema Cardiovascular<\/li><li>Biomarcadores e Interven\u00e7\u00f5es em Orovalvulopatias<\/li><li>Disfun\u00e7\u00e3o Mec\u00e2nica Prim\u00e1ria e Secund\u00e1ria do Cora\u00e7\u00e3o<\/li><li>Eletrofisiologia e Mecanismos das Arritmias Card\u00edacas<\/li><li>Fisiologia Integrativa Cardiovascular<\/li><li>Fun\u00e7\u00e3o e Disfun\u00e7\u00e3o Auton\u00f4mica Cardiovascular<\/li><li>Hipertens\u00e3o Arterial Sist\u00eamica Resistente<\/li><li>Inflama\u00e7\u00e3o nas Doen\u00e7as Cardiovasculares<\/li><li>Insufici\u00eancia Card\u00edaca<\/li><li>Intera\u00e7\u00e3o entre os M\u00e9todos de Imagens Cardiovasculares e Psiquiatria<\/li><li>Mecanismos Fisiopatol\u00f3gicos e Epidemiologia da Aterosclerose Coronariana<\/li><li>M\u00e9todos Computacionais aplicados \u00e0 Imagem<\/li><li>Modula\u00e7\u00e3o Hormonal e Controle Metab\u00f3lico do Sistema Cardiovascular<\/li><li>Projeto Cardio-Neuro-Metab\u00f3lico-Renal Familiar em Niter\u00f3i<\/li><li>Receptores de Membrana e Segundos Mensageiros do Sistema Cardiovascular<\/li><li>Respostas e Adapta\u00e7\u00f5es Cardiorrespirat\u00f3rias ao Exerc\u00edcio<\/li><\/ul>\n\n\n\n<p>As linhas de pesquisa e projetos mant\u00eam alinhamento com as \u00e1reas de concentra\u00e7\u00e3o do programa e refletem o compromisso do PPGCCV\/UFF com a investiga\u00e7\u00e3o cient\u00edfica de excel\u00eancia em diferentes dimens\u00f5es das doen\u00e7as cardiovasculares.<\/p>\n\n\n\n<p>\ud83d\udc49 <em>Clique <a href=\"http:\/\/poscardio.sites.uff.br\/?page_id=7405\" target=\"_blank\" rel=\"noreferrer noopener\">aqui<\/a> para ver os docentes vinculados a cada linha de pesquisa<\/em><\/p>\n","protected":false},"excerpt":{"rendered":"<p>O Programa de P\u00f3s-Gradua\u00e7\u00e3o em Ci\u00eancias Cardiovasculares (PPGCCV\/UFF) \u00e9 estruturado em tr\u00eas principais \u00e1reas de concentra\u00e7\u00e3o, que atuam de forma integrada e refletem a natureza interdisciplinar e translacional do programa: \ud83e\udec0 Cardiologia Foco na pesquisa cl\u00ednica, diagn\u00f3stico, tratamento e preven\u00e7\u00e3o das doen\u00e7as cardiovasculares. \ud83d\udd2c Ci\u00eancias Biom\u00e9dicas Envolve a investiga\u00e7\u00e3o b\u00e1sica dos mecanismos moleculares, fisiol\u00f3gicos e [&hellip;]<\/p>\n","protected":false},"author":3,"featured_media":0,"parent":0,"menu_order":0,"comment_status":"closed","ping_status":"closed","template":"","meta":{"_exactmetrics_skip_tracking":false,"_exactmetrics_sitenote_active":false,"_exactmetrics_sitenote_note":"","_exactmetrics_sitenote_category":0,"footnotes":""},"categories":[],"tags":[],"class_list":["post-7401","page","type-page","status-publish","hentry"],"_links":{"self":[{"href":"http:\/\/poscardio.sites.uff.br\/index.php?rest_route=\/wp\/v2\/pages\/7401","targetHints":{"allow":["GET"]}}],"collection":[{"href":"http:\/\/poscardio.sites.uff.br\/index.php?rest_route=\/wp\/v2\/pages"}],"about":[{"href":"http:\/\/poscardio.sites.uff.br\/index.php?rest_route=\/wp\/v2\/types\/page"}],"author":[{"embeddable":true,"href":"http:\/\/poscardio.sites.uff.br\/index.php?rest_route=\/wp\/v2\/users\/3"}],"replies":[{"embeddable":true,"href":"http:\/\/poscardio.sites.uff.br\/index.php?rest_route=%2Fwp%2Fv2%2Fcomments&post=7401"}],"version-history":[{"count":3,"href":"http:\/\/poscardio.sites.uff.br\/index.php?rest_route=\/wp\/v2\/pages\/7401\/revisions"}],"predecessor-version":[{"id":7411,"href":"http:\/\/poscardio.sites.uff.br\/index.php?rest_route=\/wp\/v2\/pages\/7401\/revisions\/7411"}],"wp:attachment":[{"href":"http:\/\/poscardio.sites.uff.br\/index.php?rest_route=%2Fwp%2Fv2%2Fmedia&parent=7401"}],"wp:term":[{"taxonomy":"category","embeddable":true,"href":"http:\/\/poscardio.sites.uff.br\/index.php?rest_route=%2Fwp%2Fv2%2Fcategories&post=7401"},{"taxonomy":"post_tag","embeddable":true,"href":"http:\/\/poscardio.sites.uff.br\/index.php?rest_route=%2Fwp%2Fv2%2Ftags&post=7401"}],"curies":[{"name":"wp","href":"https:\/\/api.w.org\/{rel}","templated":true}]}}