{"id":6606,"date":"2023-09-29T18:06:21","date_gmt":"2023-09-29T18:06:21","guid":{"rendered":"http:\/\/poscardio.sites.uff.br\/?page_id=6606"},"modified":"2023-09-29T18:06:21","modified_gmt":"2023-09-29T18:06:21","slug":"instrucoes-para-envio-de-resumo","status":"publish","type":"page","link":"http:\/\/poscardio.sites.uff.br\/?page_id=6606","title":{"rendered":"INSTRU\u00c7\u00d5ES PARA ENVIO DE RESUMO:"},"content":{"rendered":"\n<p>(1) O RESUMO DEVER\u00c1 OBRIGATORIAMENTE SER ELABORADO EM L\u00cdNGUA INGLESA E ENVIADO EM WORD.<\/p>\n\n\n\n<p>(2) Usar fonte Arial tamanho 10, espa\u00e7amento 1.0, margens 1.27.<\/p>\n\n\n\n<p>(3) O t\u00edtulo deve estar centralizado, em caixa alta e em negrito. Na sequ\u00eancia o nome dos autores dever\u00e1 ser inserido, tamb\u00e9m em negrito e centralizado. Escrever os nomes de todos os autores, inserindo um nome por vez, iniciando pelo autor principal. Sublinhar o nome do autor que far\u00e1 o relato do trabalho. Usar APENAS a cita\u00e7\u00e3o cient\u00edfica.<\/p>\n\n\n\n<p>Como fazer a cita\u00e7\u00e3o cient\u00edfica?<\/p>\n\n\n\n<p>Por exemplo, se o nome completo for Carla de Souza Lima:<\/p>\n\n\n\n<p>Nome para cita\u00e7\u00e3o cient\u00edfica &#8211; LIMA C. S.<\/p>\n\n\n\n<p>(4) Ap\u00f3s a autoria e antes do corpo do resumo, inserir as institui\u00e7\u00f5es as quais os autores pertencem, ainda em negrito e centralizado (evitar siglas).<\/p>\n\n\n\n<p>(5) O corpo do resumo deve estar justificado. O resumo, estruturado, deve conter os seguintes itens:&nbsp; INTRODUCTION; OBJECTIVES; METHODS; RESULTS; DISCUSSION\/CONCLUSIONS; FINANCIAL SUPPOR; REFERENCES; ETHICS COMITEE APPROVAL. A identifica\u00e7\u00e3o de cada item dever\u00e1 estar em caixa alta.<\/p>\n\n\n\n<p>(6) N\u00e3o pular linhas no corpo do resumo que deve apresentar no m\u00e1ximo de 500 palavras (n\u00e3o contar t\u00edtulo, autores, institui\u00e7\u00f5es e refer\u00eancias).<\/p>\n\n\n\n<p>(7) As refer\u00eancias bibliogr\u00e1ficas devem ser citadas numericamente no texto (superescrito, SEM par\u00eanteses) e serem relacionadas em ordem de cita\u00e7\u00e3o de acordo com o estilo de Vancouver.<\/p>\n\n\n\n<p>Ex: Unger RH, Zhou YT, Orci L. Regulation of fatty acid homeostasis in cells: novel role of leptin. Proc Natl Acad Sci U S A. 1999; 96(5):2327-32.<\/p>\n\n\n\n<p>(8) TABELAS E GR\u00c1FICOS N\u00c3O DEVER\u00c3O SER INSERIDOS NO RESUMO.<\/p>\n\n\n\n<p>(9) O n\u00famero de licen\u00e7a do respectivo Comit\u00ea de \u00c9tica deve obrigatoriamente constar no local indicado no corpo do resumo.<\/p>\n\n\n\n<p>(10) IDENTIFICA\u00c7\u00c3O DO ARQUIVO A SER ENVIADO<\/p>\n\n\n\n<p>&#8220;Nome de quem submeteu o resumo &#8211; Resumo XI JACC<\/p>\n","protected":false},"excerpt":{"rendered":"<p>(1) O RESUMO DEVER\u00c1 OBRIGATORIAMENTE SER ELABORADO EM L\u00cdNGUA INGLESA E ENVIADO EM WORD. (2) Usar fonte Arial tamanho 10, espa\u00e7amento 1.0, margens 1.27. (3) O t\u00edtulo deve estar centralizado, em caixa alta e em negrito. Na sequ\u00eancia o nome dos autores dever\u00e1 ser inserido, tamb\u00e9m em negrito e centralizado. Escrever os nomes de todos [&hellip;]<\/p>\n","protected":false},"author":3,"featured_media":0,"parent":0,"menu_order":0,"comment_status":"closed","ping_status":"closed","template":"","meta":{"_exactmetrics_skip_tracking":false,"_exactmetrics_sitenote_active":false,"_exactmetrics_sitenote_note":"","_exactmetrics_sitenote_category":0,"footnotes":""},"categories":[],"tags":[],"class_list":["post-6606","page","type-page","status-publish","hentry"],"_links":{"self":[{"href":"http:\/\/poscardio.sites.uff.br\/index.php?rest_route=\/wp\/v2\/pages\/6606","targetHints":{"allow":["GET"]}}],"collection":[{"href":"http:\/\/poscardio.sites.uff.br\/index.php?rest_route=\/wp\/v2\/pages"}],"about":[{"href":"http:\/\/poscardio.sites.uff.br\/index.php?rest_route=\/wp\/v2\/types\/page"}],"author":[{"embeddable":true,"href":"http:\/\/poscardio.sites.uff.br\/index.php?rest_route=\/wp\/v2\/users\/3"}],"replies":[{"embeddable":true,"href":"http:\/\/poscardio.sites.uff.br\/index.php?rest_route=%2Fwp%2Fv2%2Fcomments&post=6606"}],"version-history":[{"count":1,"href":"http:\/\/poscardio.sites.uff.br\/index.php?rest_route=\/wp\/v2\/pages\/6606\/revisions"}],"predecessor-version":[{"id":6607,"href":"http:\/\/poscardio.sites.uff.br\/index.php?rest_route=\/wp\/v2\/pages\/6606\/revisions\/6607"}],"wp:attachment":[{"href":"http:\/\/poscardio.sites.uff.br\/index.php?rest_route=%2Fwp%2Fv2%2Fmedia&parent=6606"}],"wp:term":[{"taxonomy":"category","embeddable":true,"href":"http:\/\/poscardio.sites.uff.br\/index.php?rest_route=%2Fwp%2Fv2%2Fcategories&post=6606"},{"taxonomy":"post_tag","embeddable":true,"href":"http:\/\/poscardio.sites.uff.br\/index.php?rest_route=%2Fwp%2Fv2%2Ftags&post=6606"}],"curies":[{"name":"wp","href":"https:\/\/api.w.org\/{rel}","templated":true}]}}