{"id":5837,"date":"2022-10-27T17:50:14","date_gmt":"2022-10-27T17:50:14","guid":{"rendered":"http:\/\/poscardio.sites.uff.br\/?page_id=5837"},"modified":"2022-11-18T18:32:14","modified_gmt":"2022-11-18T18:32:14","slug":"x-jornada-anual-em-ciencias-cardiovasculares","status":"publish","type":"page","link":"http:\/\/poscardio.sites.uff.br\/?page_id=5837","title":{"rendered":"X JACC"},"content":{"rendered":"\n<p><strong>Em 2022, a P\u00f3s-Gradua\u00e7\u00e3o em Ci\u00eancias Cardiovasculares realizar\u00e1 a X Jornada Anual em Ci\u00eancias Cardiovasculares. O evento ser\u00e1 remoto, transmitido pelo youtube e abranger\u00e1 palestras com convidados internacionais, o IV encontro de egressos, a exposi\u00e7\u00e3o do projeto de tutoria junto ao curso de gradua\u00e7\u00e3o em Medicina da UFF e a apresenta\u00e7\u00e3o oral de alunos do Programa inscritos na disciplina \u201cSemin\u00e1rios Avan\u00e7ados em Ci\u00eancias Cardiovasculares I-IV\u201d. As comunica\u00e7\u00f5es orais ser\u00e3o em ingl\u00eas e avaliadas pela comiss\u00e3o cient\u00edfica, que indicar\u00e1 o melhor trabalho de cada sess\u00e3o para premia\u00e7\u00e3o. Esse ano o tema da jornada abrange \u201cO sistema cardiovascular al\u00e9m de si mesmo\u201d (Cardiovascular System beyond itself). Em breve disponibilizaremos aqui os anais do evento. Ser\u00e3o emitidas declara\u00e7\u00f5es aos participantes que obtiverem 75% de frequ\u00eancia na jornada. As inscri\u00e7\u00f5es v\u00e3o at\u00e9 02\/12\/2022. Veja a programa\u00e7\u00e3o completa e inscreva-se!<\/strong><\/p>\n\n\n\n<h2 class=\"wp-block-heading\"><strong>&#8211; Programa\u00e7\u00e3o:<\/strong><\/h2>\n\n\n\n<figure class=\"wp-block-image size-large\"><img loading=\"lazy\" decoding=\"async\" width=\"1024\" height=\"310\" src=\"http:\/\/poscardio.sites.uff.br\/wp-content\/uploads\/sites\/3\/2022\/10\/Programacao-X-JACC-1024x310.png\" alt=\"\" class=\"wp-image-5838\" srcset=\"http:\/\/poscardio.sites.uff.br\/wp-content\/uploads\/sites\/3\/2022\/10\/Programacao-X-JACC-1024x310.png 1024w, http:\/\/poscardio.sites.uff.br\/wp-content\/uploads\/sites\/3\/2022\/10\/Programacao-X-JACC-300x91.png 300w, http:\/\/poscardio.sites.uff.br\/wp-content\/uploads\/sites\/3\/2022\/10\/Programacao-X-JACC-768x232.png 768w, http:\/\/poscardio.sites.uff.br\/wp-content\/uploads\/sites\/3\/2022\/10\/Programacao-X-JACC-1536x464.png 1536w, http:\/\/poscardio.sites.uff.br\/wp-content\/uploads\/sites\/3\/2022\/10\/Programacao-X-JACC-2048x619.png 2048w\" sizes=\"auto, (max-width: 1024px) 100vw, 1024px\" \/><\/figure>\n\n\n\n<p><strong>&#8211; Link para inscri\u00e7\u00e3o do evento:<\/strong> <\/p>\n\n\n\n<p><strong><a href=\"https:\/\/docs.google.com\/forms\/d\/e\/1FAIpQLScrj294REnEcUgXutwJQxesmwA7oi_Fy8a_qxgCsb0H4pudOg\/viewform?usp=sf_link\">https:\/\/docs.google.com\/forms\/d\/e\/1FAIpQLScrj294REnEcUgXutwJQxesmwA7oi_Fy8a_qxgCsb0H4pudOg\/viewform?usp=sf_link<\/a><\/strong><\/p>\n\n\n\n<p><strong>&#8211; Canal do <\/strong><strong>youtube<\/strong><strong>:<\/strong><\/p>\n\n\n\n<p><strong><a href=\"https:\/\/www.youtube.com\/channel\/UCH69nctJh2NzlBtslazP-Lg\">https:\/\/www.youtube.com\/channel\/UCH69nctJh2NzlBtslazP-Lg<\/a><\/strong> <\/p>\n\n\n\n<p>&#8211; <strong>Nos siga no instagram:<\/strong><\/p>\n\n\n\n<p><strong>@ jornada_anual_ciencias_cv<\/strong><\/p>\n\n\n\n<p><\/p>\n\n\n\n<h2 class=\"wp-block-heading\"><strong>Comiss\u00e3o cient\u00edfica:<\/strong><\/h2>\n\n\n\n<p>Alessandra Choqueta, professora PPGCCV<\/p>\n\n\n\n<p>Caroline Fernandes, professora PPGCCV<\/p>\n\n\n\n<p>Dalmo Machado, professor PPGCCV<\/p>\n\n\n\n<p>Eliete Frantz, professora PPGCCV<\/p>\n\n\n\n<p>Eliza Prodel, professora PPGCCV<\/p>\n\n\n\n<p>Gabriel Dias, professor PPGCCV<\/p>\n\n\n\n<p>N\u00e1dia Motta, professora PPGCCV<\/p>\n\n\n\n<p>Nat\u00e1lia Galito, professora PPGCCV Renata Frauches, professora PPGCCV<\/p>\n\n\n\n<p><\/p>\n\n\n\n<h2 class=\"wp-block-heading\"><strong>Comiss\u00e3o organizadora:<\/strong><\/h2>\n\n\n\n<p>Aline Goneli, secret\u00e1ria PPGCCV<\/p>\n\n\n\n<p>Aretha Oliveira, doutoranda PPGCCV<\/p>\n\n\n\n<p>Gabriela Medeiros, mestranda PPGCCV<\/p>\n\n\n\n<p>Elissa Mello, mestranda PPGCCV<\/p>\n\n\n\n<p>Karyne Pollo, doutoranda PPGCCV<\/p>\n\n\n\n<p>Michelli Souza, mestranda PPGCCV<\/p>\n\n\n\n<p>Thais Dillinger, mestranda PPGCCV<\/p>\n\n\n\n<p>Tha\u00eds Schmidt, doutoranda PPGCCV<\/p>\n\n\n\n<p>Shr Uen Lin, doutoranda PPGCCV<\/p>\n\n\n\n<p><\/p>\n\n\n\n<h2 class=\"wp-block-heading\">Coordena\u00e7\u00e3o comiss\u00f5es cient\u00edfica e organizadora:<\/h2>\n\n\n\n<p>Christianne Bretas, vice-coordenadora PPGCCV<\/p>\n","protected":false},"excerpt":{"rendered":"<p>Em 2022, a P\u00f3s-Gradua\u00e7\u00e3o em Ci\u00eancias Cardiovasculares realizar\u00e1 a X Jornada Anual em Ci\u00eancias Cardiovasculares. O evento ser\u00e1 remoto, transmitido pelo youtube e abranger\u00e1 palestras com convidados internacionais, o IV encontro de egressos, a exposi\u00e7\u00e3o do projeto de tutoria junto ao curso de gradua\u00e7\u00e3o em Medicina da UFF e a apresenta\u00e7\u00e3o oral de alunos do [&hellip;]<\/p>\n","protected":false},"author":3,"featured_media":0,"parent":0,"menu_order":0,"comment_status":"closed","ping_status":"closed","template":"","meta":{"_exactmetrics_skip_tracking":false,"_exactmetrics_sitenote_active":false,"_exactmetrics_sitenote_note":"","_exactmetrics_sitenote_category":0,"footnotes":""},"categories":[2],"tags":[],"class_list":["post-5837","page","type-page","status-publish","hentry","category-destaques"],"_links":{"self":[{"href":"http:\/\/poscardio.sites.uff.br\/index.php?rest_route=\/wp\/v2\/pages\/5837","targetHints":{"allow":["GET"]}}],"collection":[{"href":"http:\/\/poscardio.sites.uff.br\/index.php?rest_route=\/wp\/v2\/pages"}],"about":[{"href":"http:\/\/poscardio.sites.uff.br\/index.php?rest_route=\/wp\/v2\/types\/page"}],"author":[{"embeddable":true,"href":"http:\/\/poscardio.sites.uff.br\/index.php?rest_route=\/wp\/v2\/users\/3"}],"replies":[{"embeddable":true,"href":"http:\/\/poscardio.sites.uff.br\/index.php?rest_route=%2Fwp%2Fv2%2Fcomments&post=5837"}],"version-history":[{"count":6,"href":"http:\/\/poscardio.sites.uff.br\/index.php?rest_route=\/wp\/v2\/pages\/5837\/revisions"}],"predecessor-version":[{"id":5860,"href":"http:\/\/poscardio.sites.uff.br\/index.php?rest_route=\/wp\/v2\/pages\/5837\/revisions\/5860"}],"wp:attachment":[{"href":"http:\/\/poscardio.sites.uff.br\/index.php?rest_route=%2Fwp%2Fv2%2Fmedia&parent=5837"}],"wp:term":[{"taxonomy":"category","embeddable":true,"href":"http:\/\/poscardio.sites.uff.br\/index.php?rest_route=%2Fwp%2Fv2%2Fcategories&post=5837"},{"taxonomy":"post_tag","embeddable":true,"href":"http:\/\/poscardio.sites.uff.br\/index.php?rest_route=%2Fwp%2Fv2%2Ftags&post=5837"}],"curies":[{"name":"wp","href":"https:\/\/api.w.org\/{rel}","templated":true}]}}

<p><strong>Em 2022, a Pós-Graduação em Ciências Cardiovasculares realizará a X Jornada Anual em Ciências Cardiovasculares. O evento será remoto, transmitido pelo youtube e abrangerá palestras com convidados internacionais, o IV encontro de egressos, a exposição do projeto de tutoria junto ao curso de graduação em Medicina da UFF e a apresentação oral de alunos do Programa inscritos na disciplina “Seminários Avançados em Ciências Cardiovasculares I-IV”. As comunicações orais serão em inglês e avaliadas pela comissão científica, que indicará o melhor trabalho de cada sessão para premiação. Esse ano o tema da jornada abrange “O sistema cardiovascular além de si mesmo” (Cardiovascular System beyond itself). Em breve disponibilizaremos aqui os anais do evento. Serão emitidas declarações aos participantes que obtiverem 75% de frequência na jornada. As inscrições vão até 02/12/2022. Veja a programação completa e inscreva-se!</strong></p>



<h2 class="wp-block-heading"><strong>&#8211; Programação:</strong></h2>



<figure class="wp-block-image size-large"><img loading="lazy" decoding="async" width="1024" height="310" src="http://poscardio.sites.uff.br/wp-content/uploads/sites/3/2022/10/Programacao-X-JACC-1024x310.png" alt="" class="wp-image-5838" srcset="http://poscardio.sites.uff.br/wp-content/uploads/sites/3/2022/10/Programacao-X-JACC-1024x310.png 1024w, http://poscardio.sites.uff.br/wp-content/uploads/sites/3/2022/10/Programacao-X-JACC-300x91.png 300w, http://poscardio.sites.uff.br/wp-content/uploads/sites/3/2022/10/Programacao-X-JACC-768x232.png 768w, http://poscardio.sites.uff.br/wp-content/uploads/sites/3/2022/10/Programacao-X-JACC-1536x464.png 1536w, http://poscardio.sites.uff.br/wp-content/uploads/sites/3/2022/10/Programacao-X-JACC-2048x619.png 2048w" sizes="auto, (max-width: 1024px) 100vw, 1024px" /></figure>



<p><strong>&#8211; Link para inscrição do evento:</strong> </p>



<p><strong><a href="https://docs.google.com/forms/d/e/1FAIpQLScrj294REnEcUgXutwJQxesmwA7oi_Fy8a_qxgCsb0H4pudOg/viewform?usp=sf_link">https://docs.google.com/forms/d/e/1FAIpQLScrj294REnEcUgXutwJQxesmwA7oi_Fy8a_qxgCsb0H4pudOg/viewform?usp=sf_link</a></strong></p>



<p><strong>&#8211; Canal do </strong><strong>youtube</strong><strong>:</strong></p>



<p><strong><a href="https://www.youtube.com/channel/UCH69nctJh2NzlBtslazP-Lg">https://www.youtube.com/channel/UCH69nctJh2NzlBtslazP-Lg</a></strong> </p>



<p>&#8211; <strong>Nos siga no instagram:</strong></p>



<p><strong>@ jornada_anual_ciencias_cv</strong></p>



<p></p>



<h2 class="wp-block-heading"><strong>Comissão científica:</strong></h2>



<p>Alessandra Choqueta, professora PPGCCV</p>



<p>Caroline Fernandes, professora PPGCCV</p>



<p>Dalmo Machado, professor PPGCCV</p>



<p>Eliete Frantz, professora PPGCCV</p>



<p>Eliza Prodel, professora PPGCCV</p>



<p>Gabriel Dias, professor PPGCCV</p>



<p>Nádia Motta, professora PPGCCV</p>



<p>Natália Galito, professora PPGCCV Renata Frauches, professora PPGCCV</p>



<p></p>



<h2 class="wp-block-heading"><strong>Comissão organizadora:</strong></h2>



<p>Aline Goneli, secretária PPGCCV</p>



<p>Aretha Oliveira, doutoranda PPGCCV</p>



<p>Gabriela Medeiros, mestranda PPGCCV</p>



<p>Elissa Mello, mestranda PPGCCV</p>



<p>Karyne Pollo, doutoranda PPGCCV</p>



<p>Michelli Souza, mestranda PPGCCV</p>



<p>Thais Dillinger, mestranda PPGCCV</p>



<p>Thaís Schmidt, doutoranda PPGCCV</p>



<p>Shr Uen Lin, doutoranda PPGCCV</p>



<p></p>



<h2 class="wp-block-heading">Coordenação comissões científica e organizadora:</h2>



<p>Christianne Bretas, vice-coordenadora PPGCCV</p>

<p>Em 2022, a Pós-Graduação em Ciências Cardiovasculares realizará a X Jornada Anual em Ciências Cardiovasculares. O evento será remoto, transmitido pelo youtube e abrangerá palestras com convidados internacionais, o IV encontro de egressos, a exposição do projeto de tutoria junto ao curso de graduação em Medicina da UFF e a apresentação oral de alunos do [&hellip;]</p>
