{"id":5450,"date":"2021-08-30T13:55:42","date_gmt":"2021-08-30T13:55:42","guid":{"rendered":"http:\/\/poscardio.sites.uff.br\/?page_id=5450"},"modified":"2024-11-21T21:46:45","modified_gmt":"2024-11-21T21:46:45","slug":"ementas-das-disciplinas-optativas-2021-2","status":"publish","type":"page","link":"http:\/\/poscardio.sites.uff.br\/?page_id=5450","title":{"rendered":"Ementas das disciplinas optativas 2021\/2"},"content":{"rendered":"\n<p>1- <strong>T\u00d3PICOS EM CARDIOMETABOLOGIA<\/strong><\/p>\n\n\n\n<p><strong>Professoras envolvidas:<\/strong> Profas Caroline Fernandes e Thereza Bargut<\/p>\n\n\n\n<p><strong>Ementa:<\/strong> Intera\u00e7\u00e3o entre o sistema cardiovascular e o sistema end\u00f3crino; mecanismos de a\u00e7\u00e3o hormonal; no\u00e7\u00f5es de metabolismo intermedi\u00e1rio; s\u00edndrome plurimetab\u00f3lica; dislipidemias e sistema cardiovascular; diabetes mellitus e sistema cardiovascular; sistema renina-angiotensina aldosterona e implica\u00e7\u00f5es cardiovasculares; hipertens\u00e3o arterial e sistema end\u00f3crino. OBJETIVO: Estimular o interesse e compreens\u00e3o te\u00f3ricos e promover a intera\u00e7\u00e3o entre projetos de pesquisa envolvendo o sistema end\u00f3crino e o sistema cardiovascular.<\/p>\n\n\n\n<p><strong>Bibliografia:<\/strong>. Obesidade. Alpern, A. e col.; Lemos Editorial, S\u00e3o Paulo, 1998.] . End\u00f3crino manifestations of sistemic disease. Endocrinology and Metabolism clinics of North America. WB Saunders, Philadelphia, USA, 1991. . Manual de Hipertens\u00e3o da Sociedade de Hipertens\u00e3o do Estado do Rio de Janeiro. Couto, AA e Kaiser, SE. Lemos editorial, S\u00e3o Paulo, 2003.<br><\/p>\n\n\n\n<p>2- <strong>BIOMARKERS IN HEART FAILURE: A CLINICAL PERSPECTIVE<\/strong><\/p>\n\n\n\n<p>Prof. Humberto Villacorta<br> <br><strong>Program content:<\/strong><br>Biomarkers: definition. Natriuretic peptides: physiology of the natriuretic peptide system, diagnostic and prognostic utilities, serial measurement, role for guiding therapy. High-sensitivity troponins: differences between acute myocardial infarction and acute or chronic myocardial injury, prognostic value. Galectin-3: prognostic value. Soluble ST2 (sST2): physiology of the ST2 system, prognostic value, serial measurements, role for guiding therapy. Growth differentiation factor-15 (GDF-15): prognostic utility.<br><strong>Objectives<\/strong><br> To discuss clinical aspects of the most relevant biomarkers in the field of heart failure.<br> <strong>Workload: <\/strong>30 hours<br> <strong>Date and time:<\/strong> Tuesday, from 7 pm to 9 pm, every 15 days (virtual meetings).<br> <strong>Number of classes:<\/strong> 7<\/p>\n\n\n\n<p>3- <strong>SEMIN\u00c1RIOS DE PESQUISA EM CI\u00caNCIAS BIOM\u00c9DICAS<\/strong><\/p>\n\n\n\n<p>Profa Christianne Bretas<\/p>\n\n\n\n<p><strong>Ementa:<\/strong><\/p>\n\n\n\n<p>1. Leitura, apresenta\u00e7\u00e3o e discuss\u00e3o de artigos cient\u00edficos da \u00e1rea, abrangendo pesquisas multidisciplinares com foco na investiga\u00e7\u00e3o de doen\u00e7as cardiovasculares, suas causas e mecanismos, modos de preven\u00e7\u00e3o, diagn\u00f3stico e tratamento 2. Apresenta\u00e7\u00e3o e discuss\u00e3o de dados de disserta\u00e7\u00f5es e teses sobre temas inseridos na \u00e1rea<\/p>\n\n\n\n<p><strong>Bibliografia:<\/strong>\u2022 Trabalhos cient\u00edficos recentes na \u00e1rea. <\/p>\n\n\n\n<p><\/p>\n\n\n\n<p>4- <strong>SA\u00daDE MENTAL EM CARDIOLOGIA<\/strong><\/p>\n\n\n\n<p>Profa. Val\u00e9ria Pagnin<\/p>\n\n\n\n<p><strong>Objetivo:<\/strong> ressaltar a import\u00e2ncia da associa\u00e7\u00e3o entre sa\u00fade mental e doen\u00e7as cardiovasculares e estimular a integra\u00e7\u00e3o de projetos de pesquisa envolvendo ambas as \u00e1reas. Treinar t\u00e9cnicas de apresenta\u00e7\u00e3o de trabalhos em eventos cient\u00edficos, utilizando temas correlacionando sa\u00fade mental e cardiologia.<br><strong>Ementa: <\/strong>Depress\u00e3o e doen\u00e7a cardiovascular. Ansiedade e doen\u00e7a cardiovascular. Estresse e s\u00edndrome de Burnout. Qualidade de vida e doen\u00e7a coronariana. Mecanismos comportamentais e biol\u00f3gicos nas doen\u00e7as cardiovasculares. Mecanismos cerebrais do estresse e ansiedade na doen\u00e7a coronariana. Determinantes psicol\u00f3gicos de risco cardiovascular. Imagem cerebral em pacientes com doen\u00e7a cardiovascular.<br><strong>Bibliografia:<\/strong><br>Alley, Michael. The craft of scientific presentations: critical steps to succeed and critical errors to avoid. New York, Springer, 2003, 241 p\u00e1ginas.<br>Stern, Theodore A. Massachusetts General Hospital handbook of general<br>psychiatry. Philadelphia, Elsevier, 2010, 848 p\u00e1ginas.<br>Lloyd &amp; Guthrie. Handbook of liaison psychiatry. New York, Cambridge<br>University Press, 2007, 929 p\u00e1ginas.<br>Moreira, MCV; Montenegro, ST; Paola, AAV. Livro-texto da Sociedade<br>Brasileira de Cardiologia. 2a edi\u00e7\u00e3o. Rio de Janeiro, Editora Manole, 2015,<br>1824 p\u00e1ginas.<\/p>\n\n\n\n<p>5- <strong>PUBLICA\u00c7\u00c3O EM SA\u00daDE<\/strong><\/p>\n\n\n\n<p><strong>Professores envolvidos:<\/strong>\u00a0DALMO MACHADO, CHRISTIANE BRETAS, RONALDO GISMONDI, DENISE TAVARES (Comunica\u00e7\u00e3o Social UFF) <\/p>\n\n\n\n<p><strong>Ementa:<\/strong> Apresentar, discutir e aplicar em oficinas e meios virtuais de aprendizado princ\u00edpios e estrat\u00e9gias de localiza\u00e7\u00e3o e recupera\u00e7\u00e3o de informa\u00e7\u00e3o cient\u00edfica em sa\u00fade alinhados \u00e0s diretrizes internacionais com vistas \u00e0 otimiza\u00e7\u00e3o de publica\u00e7\u00e3o em sa\u00fade. <\/p>\n","protected":false},"excerpt":{"rendered":"<p>1- T\u00d3PICOS EM CARDIOMETABOLOGIA Professoras envolvidas: Profas Caroline Fernandes e Thereza Bargut Ementa: Intera\u00e7\u00e3o entre o sistema cardiovascular e o sistema end\u00f3crino; mecanismos de a\u00e7\u00e3o hormonal; no\u00e7\u00f5es de metabolismo intermedi\u00e1rio; s\u00edndrome plurimetab\u00f3lica; dislipidemias e sistema cardiovascular; diabetes mellitus e sistema cardiovascular; sistema renina-angiotensina aldosterona e implica\u00e7\u00f5es cardiovasculares; hipertens\u00e3o arterial e sistema end\u00f3crino. OBJETIVO: Estimular o [&hellip;]<\/p>\n","protected":false},"author":3,"featured_media":0,"parent":0,"menu_order":0,"comment_status":"closed","ping_status":"closed","template":"","meta":{"_exactmetrics_skip_tracking":false,"_exactmetrics_sitenote_active":false,"_exactmetrics_sitenote_note":"","_exactmetrics_sitenote_category":0,"footnotes":""},"categories":[],"tags":[],"class_list":["post-5450","page","type-page","status-publish","hentry"],"_links":{"self":[{"href":"http:\/\/poscardio.sites.uff.br\/index.php?rest_route=\/wp\/v2\/pages\/5450","targetHints":{"allow":["GET"]}}],"collection":[{"href":"http:\/\/poscardio.sites.uff.br\/index.php?rest_route=\/wp\/v2\/pages"}],"about":[{"href":"http:\/\/poscardio.sites.uff.br\/index.php?rest_route=\/wp\/v2\/types\/page"}],"author":[{"embeddable":true,"href":"http:\/\/poscardio.sites.uff.br\/index.php?rest_route=\/wp\/v2\/users\/3"}],"replies":[{"embeddable":true,"href":"http:\/\/poscardio.sites.uff.br\/index.php?rest_route=%2Fwp%2Fv2%2Fcomments&post=5450"}],"version-history":[{"count":1,"href":"http:\/\/poscardio.sites.uff.br\/index.php?rest_route=\/wp\/v2\/pages\/5450\/revisions"}],"predecessor-version":[{"id":5451,"href":"http:\/\/poscardio.sites.uff.br\/index.php?rest_route=\/wp\/v2\/pages\/5450\/revisions\/5451"}],"wp:attachment":[{"href":"http:\/\/poscardio.sites.uff.br\/index.php?rest_route=%2Fwp%2Fv2%2Fmedia&parent=5450"}],"wp:term":[{"taxonomy":"category","embeddable":true,"href":"http:\/\/poscardio.sites.uff.br\/index.php?rest_route=%2Fwp%2Fv2%2Fcategories&post=5450"},{"taxonomy":"post_tag","embeddable":true,"href":"http:\/\/poscardio.sites.uff.br\/index.php?rest_route=%2Fwp%2Fv2%2Ftags&post=5450"}],"curies":[{"name":"wp","href":"https:\/\/api.w.org\/{rel}","templated":true}]}}