{"id":4000,"date":"2019-05-28T14:19:22","date_gmt":"2019-05-28T14:19:22","guid":{"rendered":"http:\/\/poscardio.sites.uff.br\/?page_id=4000"},"modified":"2026-02-20T16:35:07","modified_gmt":"2026-02-20T16:35:07","slug":"docentes-permanentes","status":"publish","type":"page","link":"http:\/\/poscardio.sites.uff.br\/?page_id=4000","title":{"rendered":"Docentes permanentes"},"content":{"rendered":"\n<ul class=\"wp-block-list\">\n<li>Prof\u00aa. Dr\u00aa. Christianne B. V. Scaramello <a href=\"http:\/\/lattes.cnpq.br\/2770585294620241\">lattes<\/a>  (Coordenadora)<\/li>\n<\/ul>\n\n\n\n<p><strong>E-mail:<\/strong> chrisbretas@id.uff.br<\/p>\n\n\n\n<ul class=\"wp-block-list\">\n<li>Prof. Dr. Evandro Tinoco Mesquita <a href=\"http:\/\/lattes.cnpq.br\/5803297417778354\">lattes<\/a> (Vice-Coordenador)<\/li>\n<\/ul>\n\n\n\n<p><strong>E-mail:<\/strong> etmesquita@id.uff.br<\/p>\n\n\n\n<ul class=\"wp-block-list\">\n<li>Prof. Dr. Alair Augusto Sarmet Moreira Damas dos Santos <a href=\"http:\/\/lattes.cnpq.br\/1215394507629695\" target=\"_blank\" rel=\"noreferrer noopener\">lattes<\/a><\/li>\n<\/ul>\n\n\n\n<p><strong>E-mail:<\/strong> alairsarmet@id.uff.br<\/p>\n\n\n\n<ul class=\"wp-block-list\">\n<li>Andrea Cardoso de Matos <a href=\"http:\/\/lattes.cnpq.br\/1055928750974167\" data-type=\"URL\" data-id=\"http:\/\/lattes.cnpq.br\/1055928750974167\" target=\"_blank\" rel=\"noreferrer noopener\">lattes<\/a><\/li>\n<\/ul>\n\n\n\n<p><strong>E-mail:<\/strong> andreamatos@id.uff.br<\/p>\n\n\n\n<ul class=\"wp-block-list\">\n<li>Prof. Dr. Antonio Claudio Lucas da N\u00f3brega <a href=\"http:\/\/lattes.cnpq.br\/4868680076470040\">lattes<\/a><\/li>\n<\/ul>\n\n\n\n<p><strong>E-mail:<\/strong>  projetoslace@gmail.com <\/p>\n\n\n\n<ul class=\"wp-block-list\">\n<li>Prof\u00aa. Dr\u00aa. Beatriz Alexandre dos Santos <a href=\"\/\/lattes.cnpq.br\/8279528973362375\" target=\"_blank\" rel=\"noreferrer noopener\">lattes<\/a><\/li>\n<\/ul>\n\n\n\n<p><strong>E-mail: <\/strong>beatriz.as29@gmail.com<\/p>\n\n\n\n<ul class=\"wp-block-list\">\n<li>Prof<sup>a<\/sup>\u00a0Dr<sup>a<\/sup> Caroline Fernandes dos Santos <a href=\"http:\/\/buscatextual.cnpq.br\/buscatextual\/visualizacv.do?id=K4777141A7\">lattes<\/a><\/li>\n<\/ul>\n\n\n\n<p><strong>E-mail:<\/strong> cf_santos@id.uff.br<\/p>\n\n\n\n<ul class=\"wp-block-list\">\n<li>Prof. Dr. Claudio Tinoco Mesquita <a href=\"http:\/\/lattes.cnpq.br\/1232156961278508\">lattes<\/a><\/li>\n<\/ul>\n\n\n\n<p><strong>E-mail: <\/strong>claudiotinocomesquita@gmail.com<\/p>\n\n\n\n<ul class=\"wp-block-list\">\n<li>Prof<sup>a<\/sup>\u00a0Dr<sup>a\u00a0<\/sup>Eliete Dalla Corte Frantz <a href=\"http:\/\/buscatextual.cnpq.br\/buscatextual\/visualizacv.do?id=K4482459Z6\">lattes<\/a><\/li>\n<\/ul>\n\n\n\n<p><strong>E-mail:<\/strong> elietedcf@gmail.com<\/p>\n\n\n\n<ul class=\"wp-block-list\">\n<li>Prof\u00aa. Dr\u00aa. Eliza Prodel\u00a0<a href=\"http:\/\/lattes.cnpq.br\/4640495043618075\">lattes<\/a><\/li>\n<\/ul>\n\n\n\n<p><strong>E-mail:<\/strong> eprodel@gmail.com<\/p>\n\n\n\n<ul class=\"wp-block-list\">\n<li>Prof. Dr. Erito Marques de Souza Filho <a href=\"http:\/\/lattes.cnpq.br\/0606341154404244\" target=\"_blank\" rel=\"noreferrer noopener\">lattes<\/a><\/li>\n<\/ul>\n\n\n\n<p><strong>E-mail:<\/strong> mederitomarques@gmail.com<\/p>\n\n\n\n<ul class=\"wp-block-list\">\n<li>Prof<sup>a<\/sup>\u00a0Dr<sup>a \u00a0<\/sup>Fernanda Carla Ferreira de Brito <a href=\"http:\/\/lattes.cnpq.br\/2207606601179456\">lattes<\/a><\/li>\n<\/ul>\n\n\n\n<p><strong>E-mail:<\/strong>  nandacarla16@yahoo.com.br<\/p>\n\n\n\n<ul class=\"wp-block-list\">\n<li>Prof. Dr. Gabriel Dias Rodrigues<a href=\"http:\/\/lattes.cnpq.br\/3780856484988484\"> lattes<\/a><\/li>\n<\/ul>\n\n\n\n<p><strong>E-mail:<\/strong> gabrieldias@id.uff.br<\/p>\n\n\n\n<ul class=\"wp-block-list\">\n<li>Gabrielle de Souza Rocha <a href=\"http:\/\/lattes.cnpq.br\/5307888303038822\">lattes<\/a><\/li>\n<\/ul>\n\n\n\n<p><strong>E-mail:<\/strong> profgabrielle.rocha2@globo.com<\/p>\n\n\n\n<ul class=\"wp-block-list\">\n<li>Prof<sup>a<\/sup>\u00a0Dr<sup>a<\/sup> Helena Naly Miguens Rocha <a href=\"http:\/\/lattes.cnpq.br\/4348587545782981\" target=\"_blank\" rel=\"noreferrer noopener\">lattes<\/a><\/li>\n<\/ul>\n\n\n\n<p><strong>E-mail:<\/strong> hmiguens@id.uff.br<\/p>\n\n\n\n<ul class=\"wp-block-list\">\n<li>Prof. Dr. Humberto Villacorta  Junior <a href=\"http:\/\/lattes.cnpq.br\/3021818115053477\">lattes<\/a><\/li>\n<\/ul>\n\n\n\n<p><strong>E-mail:<\/strong> villacortahumberto@gmail.com <\/p>\n\n\n\n<ul class=\"wp-block-list\">\n<li>Prof. Dr. Jo\u00e3o Dario Martins de Mattos <a href=\"http:\/\/lattes.cnpq.br\/7136597912758844\" target=\"_blank\" rel=\"noreferrer noopener\">lattes<\/a><\/li>\n<\/ul>\n\n\n\n<p><strong>E-mail:<\/strong> joaodariomattos@gmail.com<\/p>\n\n\n\n<ul class=\"wp-block-list\">\n<li>Prof<sup>a<\/sup>\u00a0Dr<sup>a<\/sup> Ludmila Ferreira M. de F. Cardozo <a href=\"http:\/\/buscatextual.cnpq.br\/buscatextual\/visualizacv.do?id=K4251628P4\">lattes<\/a><\/li>\n<\/ul>\n\n\n\n<p><strong>E-mail:<\/strong> ludmilacardozo@id.uff.br <\/p>\n\n\n\n<ul class=\"wp-block-list\">\n<li>Jonas L\u00edrio Gurgel <a href=\"http:\/\/lattes.cnpq.br\/2704394530711813\">lattes<\/a><\/li>\n<\/ul>\n\n\n\n<p><strong>E-mail:<\/strong> jonasgurgel@id.uff.br<\/p>\n\n\n\n<ul class=\"wp-block-list\">\n<li>Prof<sup>a<\/sup>\u00a0Dr<sup>a<\/sup> Milena  Barcza Stockler-Pinto <a href=\"http:\/\/buscatextual.cnpq.br\/buscatextual\/visualizacv.do?id=K4139080Z8\">lattes<\/a><\/li>\n<\/ul>\n\n\n\n<p><strong>E-mail:<\/strong> milenabarcza@id.uff.br<\/p>\n\n\n\n<ul class=\"wp-block-list\">\n<li>Prof<sup>a<\/sup>\u00a0Dr<sup>a\u00a0<\/sup>Nadia Alice Vieira da Motta <a href=\"http:\/\/lattes.cnpq.br\/2488768250617369\">lattes<\/a><\/li>\n<\/ul>\n\n\n\n<p><strong>E-mail:<\/strong> navmotta@hotmail.com<\/p>\n\n\n\n<ul class=\"wp-block-list\">\n<li>Prof<sup>a<\/sup>\u00a0Dr<sup>a\u00a0<\/sup>Natalia Galito Rocha <a href=\"http:\/\/buscatextual.cnpq.br\/buscatextual\/visualizacv.do?id=K4262940U9\">lattes<\/a><\/li>\n<\/ul>\n\n\n\n<p><strong>E-mail:<\/strong> nataliagalito@id.uff.br<\/p>\n\n\n\n<ul class=\"wp-block-list\">\n<li>Prof. Dr. Pedro Paulo da Silva Soares <a href=\"http:\/\/lattes.cnpq.br\/8849008666380358\">lattes<\/a><\/li>\n<\/ul>\n\n\n\n<p><strong>E-mail:<\/strong> ppsoares@vm.uff.br<\/p>\n\n\n\n<ul class=\"wp-block-list\">\n<li>Profa. Dra. Renata Frauches Medeiros Coimbra <a href=\"http:\/\/lattes.cnpq.br\/8648541756911153\">lattes<\/a><\/li>\n<\/ul>\n\n\n\n<p> <strong>E-mail:<\/strong> renata_frauches@id.uff.br <\/p>\n\n\n\n<ul class=\"wp-block-list\">\n<li>Prof. Dr. Ronaldo Altenburg Odebrecht Curi Gismondi <a href=\"http:\/\/lattes.cnpq.br\/8857773663710888\">lattes<\/a><\/li>\n<\/ul>\n\n\n\n<p><strong>E-mail:<\/strong> ronaldogismondi@gmail.com<\/p>\n\n\n\n<ul class=\"wp-block-list\">\n<li>Prof<sup>a<\/sup>\u00a0Dr<sup>a \u00a0<\/sup>Thereza Cristina Lonzetti Bargut <a href=\"http:\/\/lattes.cnpq.br\/5956052277616519\">lattes<\/a><\/li>\n<\/ul>\n\n\n\n<p><strong>E-mail:<\/strong> therezabargut@id.uff.br<\/p>\n\n\n\n<ul class=\"wp-block-list\">\n<li>Prof. Dr. Wolney de Andrade Martins <a href=\"http:\/\/lattes.cnpq.br\/9665898411299816\">lattes<\/a><\/li>\n<\/ul>\n\n\n\n<p><strong>E-mail:<\/strong> wolney_martins@hotmail.com<\/p>\n\n\n\n<h2 class=\"wp-block-heading\"><strong>Professores colaboradores <\/strong><\/h2>\n\n\n\n<ul class=\"wp-block-list\">\n<li>Prof. Dr. Ademir Batista da Cunha <a href=\"http:\/\/lattes.cnpq.br\/7627398832348262\">lattes<\/a><\/li>\n<\/ul>\n\n\n\n<p><strong>E-mail:<\/strong> ademircnh@yahoo.com.br<\/p>\n\n\n\n<ul class=\"wp-block-list\">\n<li>Prof. Dr. Antonio Jos\u00e9 Lagoeiro Jorge <a href=\"http:\/\/lattes.cnpq.br\/8604480631937030\">lattes<\/a><\/li>\n<\/ul>\n\n\n\n<p><strong>E-mail:<\/strong> antoniolagoeiro@id.uff.br<\/p>\n\n\n\n<ul class=\"wp-block-list\">\n<li>Prof. Dr. Dalmo Val\u00e9rio Machado de Lima <a href=\"http:\/\/lattes.cnpq.br\/2320282458293738\">lattes<\/a><\/li>\n<\/ul>\n\n\n\n<p><strong>E-mail:<\/strong> dalmomachado@id.uff.br<\/p>\n\n\n\n<ul class=\"wp-block-list\">\n<li>Prof. Dr. Giovani Carlo Verissimo da Costa <a href=\"http:\/\/lattes.cnpq.br\/5709490799826476\" target=\"_blank\" rel=\"noreferrer noopener\">lattes<\/a><\/li>\n<\/ul>\n\n\n\n<p><strong>E-mail:<\/strong> giovaniverissimo@id.uff.br<\/p>\n\n\n\n<ul class=\"wp-block-list\">\n<li> Prof<sup>a<\/sup>\u00a0Dr<sup>a<\/sup>  Grazielle Villas B\u00f4as Huguenin <a href=\"http:\/\/lattes.cnpq.br\/4524969597289041\">lattes<\/a><\/li>\n<\/ul>\n\n\n\n<p><strong>E-mail:<\/strong> ghuguenin@id.uff.br<\/p>\n\n\n\n<p><\/p>\n\n\n\n<hr class=\"wp-block-separator has-css-opacity\" \/>\n\n\n\n<h3 class=\"wp-block-heading\">Crit\u00e9rios para Credenciamento e Recredenciamento de Docentes do PPGCCV\/UFF &#8211; Quadri\u00eanio 2021-2024<\/h3>\n\n\n\n<p>Os crit\u00e9rios para credenciamento e recredenciamento de docentes do PPGCCV\/UFF seguem as diretrizes estabelecidas pela coordena\u00e7\u00e3o do programa, alinhadas \u00e0s orienta\u00e7\u00f5es da CAPES para programas de p\u00f3s-gradua\u00e7\u00e3o stricto sensu.<\/p>\n\n\n\n<p>\ud83d\udd17 Clique <a href=\"http:\/\/poscardio.sites.uff.br\/?page_id=6140\" target=\"_blank\" rel=\"noreferrer noopener\">aqui<\/a> para acessar a p\u00e1gina com os crit\u00e9rios de credenciamento e recredenciamento.<\/p>\n\n\n\n<p>Em caso de d\u00favidas, entre em contato com a coordena\u00e7\u00e3o do programa.<\/p>\n\n\n\n<p><\/p>\n","protected":false},"excerpt":{"rendered":"<p>E-mail: chrisbretas@id.uff.br E-mail: etmesquita@id.uff.br E-mail: alairsarmet@id.uff.br E-mail: andreamatos@id.uff.br E-mail: projetoslace@gmail.com E-mail: beatriz.as29@gmail.com E-mail: cf_santos@id.uff.br E-mail: claudiotinocomesquita@gmail.com E-mail: elietedcf@gmail.com E-mail: eprodel@gmail.com E-mail: mederitomarques@gmail.com E-mail: nandacarla16@yahoo.com.br E-mail: gabrieldias@id.uff.br E-mail: profgabrielle.rocha2@globo.com E-mail: hmiguens@id.uff.br E-mail: villacortahumberto@gmail.com E-mail: joaodariomattos@gmail.com E-mail: ludmilacardozo@id.uff.br E-mail: jonasgurgel@id.uff.br E-mail: milenabarcza@id.uff.br E-mail: navmotta@hotmail.com E-mail: nataliagalito@id.uff.br E-mail: ppsoares@vm.uff.br E-mail: renata_frauches@id.uff.br E-mail: ronaldogismondi@gmail.com E-mail: therezabargut@id.uff.br E-mail: wolney_martins@hotmail.com Professores [&hellip;]<\/p>\n","protected":false},"author":3,"featured_media":0,"parent":0,"menu_order":0,"comment_status":"closed","ping_status":"closed","template":"","meta":{"_exactmetrics_skip_tracking":false,"_exactmetrics_sitenote_active":false,"_exactmetrics_sitenote_note":"","_exactmetrics_sitenote_category":0,"footnotes":""},"categories":[],"tags":[],"class_list":["post-4000","page","type-page","status-publish","hentry"],"_links":{"self":[{"href":"http:\/\/poscardio.sites.uff.br\/index.php?rest_route=\/wp\/v2\/pages\/4000","targetHints":{"allow":["GET"]}}],"collection":[{"href":"http:\/\/poscardio.sites.uff.br\/index.php?rest_route=\/wp\/v2\/pages"}],"about":[{"href":"http:\/\/poscardio.sites.uff.br\/index.php?rest_route=\/wp\/v2\/types\/page"}],"author":[{"embeddable":true,"href":"http:\/\/poscardio.sites.uff.br\/index.php?rest_route=\/wp\/v2\/users\/3"}],"replies":[{"embeddable":true,"href":"http:\/\/poscardio.sites.uff.br\/index.php?rest_route=%2Fwp%2Fv2%2Fcomments&post=4000"}],"version-history":[{"count":56,"href":"http:\/\/poscardio.sites.uff.br\/index.php?rest_route=\/wp\/v2\/pages\/4000\/revisions"}],"predecessor-version":[{"id":7735,"href":"http:\/\/poscardio.sites.uff.br\/index.php?rest_route=\/wp\/v2\/pages\/4000\/revisions\/7735"}],"wp:attachment":[{"href":"http:\/\/poscardio.sites.uff.br\/index.php?rest_route=%2Fwp%2Fv2%2Fmedia&parent=4000"}],"wp:term":[{"taxonomy":"category","embeddable":true,"href":"http:\/\/poscardio.sites.uff.br\/index.php?rest_route=%2Fwp%2Fv2%2Fcategories&post=4000"},{"taxonomy":"post_tag","embeddable":true,"href":"http:\/\/poscardio.sites.uff.br\/index.php?rest_route=%2Fwp%2Fv2%2Ftags&post=4000"}],"curies":[{"name":"wp","href":"https:\/\/api.w.org\/{rel}","templated":true}]}}